CRAN Package Check Results for Package gender

Last updated on 2020-08-05 13:49:20 CEST.

Flavor Version Tinstall Tcheck Ttotal Status Flags
r-devel-linux-x86_64-debian-clang 0.5.4 3.50 42.89 46.39 NOTE
r-devel-linux-x86_64-debian-gcc 0.5.4 2.96 32.33 35.29 NOTE
r-devel-linux-x86_64-fedora-clang 0.5.4 63.95 NOTE
r-devel-linux-x86_64-fedora-gcc 0.5.4 55.08 NOTE
r-devel-windows-ix86+x86_64 0.5.4 14.00 76.00 90.00 NOTE
r-patched-linux-x86_64 0.5.4 4.10 41.38 45.48 NOTE
r-patched-solaris-x86 0.5.4 79.10 NOTE
r-release-linux-x86_64 0.5.4 3.34 41.45 44.79 NOTE
r-release-macos-x86_64 0.5.4 NOTE
r-release-windows-ix86+x86_64 0.5.4 16.00 56.00 72.00 NOTE
r-oldrel-macos-x86_64 0.5.4 NOTE
r-oldrel-windows-ix86+x86_64 0.5.4 7.00 49.00 56.00 NOTE

Check Details

Version: 0.5.4
Check: package dependencies
Result: NOTE
    Package suggested but not available for checking: 'genderdata'
Flavors: r-devel-linux-x86_64-debian-clang, r-devel-linux-x86_64-debian-gcc, r-devel-linux-x86_64-fedora-clang, r-devel-linux-x86_64-fedora-gcc, r-devel-windows-ix86+x86_64, r-patched-linux-x86_64, r-patched-solaris-x86, r-release-linux-x86_64, r-release-macos-x86_64, r-release-windows-ix86+x86_64, r-oldrel-macos-x86_64, r-oldrel-windows-ix86+x86_64