CRAN Package Check Results for Package gender

Last updated on 2022-09-27 21:53:50 CEST.

Flavor Version Tinstall Tcheck Ttotal Status Flags
r-devel-linux-x86_64-debian-clang 0.6.0 4.87 59.05 63.92 NOTE
r-devel-linux-x86_64-debian-gcc 0.6.0 3.99 44.55 48.54 NOTE
r-devel-linux-x86_64-fedora-clang 0.6.0 90.35 NOTE
r-devel-linux-x86_64-fedora-gcc 0.6.0 94.55 NOTE
r-devel-windows-x86_64 0.6.0 19.00 84.00 103.00 NOTE
r-patched-linux-x86_64 0.6.0 4.98 55.78 60.76 NOTE
r-release-linux-x86_64 0.6.0 4.36 56.25 60.61 NOTE
r-release-macos-arm64 0.6.0 25.00 NOTE
r-release-macos-x86_64 0.6.0 48.00 NOTE
r-release-windows-x86_64 0.6.0 15.00 88.00 103.00 NOTE
r-oldrel-macos-arm64 0.6.0 28.00 NOTE
r-oldrel-macos-x86_64 0.6.0 34.00 NOTE
r-oldrel-windows-ix86+x86_64 0.6.0 13.00 85.00 98.00 NOTE

Check Details

Version: 0.6.0
Check: package dependencies
Result: NOTE
    Package suggested but not available for checking: 'genderdata'
Flavors: r-devel-linux-x86_64-debian-clang, r-devel-linux-x86_64-debian-gcc, r-devel-linux-x86_64-fedora-clang, r-devel-linux-x86_64-fedora-gcc, r-devel-windows-x86_64, r-patched-linux-x86_64, r-release-linux-x86_64, r-release-macos-arm64, r-release-macos-x86_64, r-release-windows-x86_64, r-oldrel-macos-arm64, r-oldrel-macos-x86_64, r-oldrel-windows-ix86+x86_64