CRAN Package Check Results for Package genTS

Last updated on 2022-08-12 06:49:20 CEST.

Flavor Version Tinstall Tcheck Ttotal Status Flags
r-devel-linux-x86_64-debian-clang 0.1.3 2.23 21.87 24.10 NOTE
r-devel-linux-x86_64-debian-gcc 0.1.3 1.37 17.33 18.70 NOTE
r-devel-linux-x86_64-fedora-clang 0.1.3 40.07 NOTE
r-devel-linux-x86_64-fedora-gcc 0.1.3 39.34 NOTE
r-devel-windows-x86_64 0.1.3 10.00 46.00 56.00 NOTE
r-patched-linux-x86_64 0.1.3 2.05 21.51 23.56 NOTE
r-release-linux-x86_64 0.1.3 1.96 21.22 23.18 NOTE
r-release-macos-arm64 0.1.3 14.00 NOTE
r-release-macos-x86_64 0.1.3 23.00 NOTE
r-release-windows-x86_64 0.1.3 8.00 47.00 55.00 NOTE
r-oldrel-macos-arm64 0.1.3 17.00 NOTE
r-oldrel-macos-x86_64 0.1.3 26.00 NOTE
r-oldrel-windows-ix86+x86_64 0.1.3 5.00 38.00 43.00 NOTE

Check Details

Version: 0.1.3
Check: LazyData
Result: NOTE
     'LazyData' is specified without a 'data' directory
Flavors: r-devel-linux-x86_64-debian-clang, r-devel-linux-x86_64-debian-gcc, r-devel-linux-x86_64-fedora-clang, r-devel-linux-x86_64-fedora-gcc, r-devel-windows-x86_64, r-patched-linux-x86_64, r-release-linux-x86_64, r-release-macos-arm64, r-release-macos-x86_64, r-release-windows-x86_64, r-oldrel-macos-arm64, r-oldrel-macos-x86_64, r-oldrel-windows-ix86+x86_64