CRAN Package Check Results for Package gen3sis

Last updated on 2020-10-24 07:49:45 CEST.

Flavor Version Tinstall Tcheck Ttotal Status Flags
r-devel-linux-x86_64-debian-clang 1.1 44.13 181.02 225.15 OK
r-devel-linux-x86_64-debian-gcc 1.1 33.94 137.84 171.78 OK
r-devel-linux-x86_64-fedora-clang 1.1 288.90 NOTE
r-devel-linux-x86_64-fedora-gcc 1.1 283.18 NOTE
r-devel-windows-ix86+x86_64 1.1 102.00 296.00 398.00 NOTE
r-patched-linux-x86_64 1.1 42.89 172.30 215.19 OK
r-patched-solaris-x86 1.1 347.30 NOTE
r-release-linux-x86_64 1.1 40.68 170.06 210.74 OK
r-release-macos-x86_64 1.1 NOTE
r-release-windows-ix86+x86_64 1.1 77.00 218.00 295.00 NOTE
r-oldrel-macos-x86_64 1.1 NOTE
r-oldrel-windows-ix86+x86_64 1.1 101.00 264.00 365.00 NOTE

Check Details

Version: 1.1
Check: installed package size
Result: NOTE
     installed size is 12.0Mb
     sub-directories of 1Mb or more:
     doc 1.1Mb
     extdata 8.9Mb
     libs 1.6Mb
Flavors: r-devel-linux-x86_64-fedora-clang, r-devel-windows-ix86+x86_64, r-patched-solaris-x86, r-release-macos-x86_64, r-release-windows-ix86+x86_64, r-oldrel-macos-x86_64, r-oldrel-windows-ix86+x86_64

Version: 1.1
Check: dependencies in R code
Result: NOTE
    Namespace in Imports field not imported from: ‘sp’
     All declared Imports should be used.
Flavors: r-devel-linux-x86_64-fedora-clang, r-devel-linux-x86_64-fedora-gcc, r-patched-solaris-x86, r-release-macos-x86_64, r-oldrel-macos-x86_64