Last updated on 2022-08-17 06:51:17 CEST.
Flavor | Version | Tinstall | Tcheck | Ttotal | Status | Flags |
---|---|---|---|---|---|---|
r-devel-linux-x86_64-debian-clang | 1.4 | 66.28 | 368.32 | 434.60 | NOTE | |
r-devel-linux-x86_64-debian-gcc | 1.4 | NOTE | ||||
r-devel-linux-x86_64-fedora-clang | 1.4 | 532.16 | NOTE | |||
r-devel-linux-x86_64-fedora-gcc | 1.4 | 529.38 | NOTE | |||
r-devel-windows-x86_64 | 1.4 | 417.00 | 384.00 | 801.00 | NOTE | |
r-patched-linux-x86_64 | 1.4 | 65.59 | 354.46 | 420.05 | OK | |
r-release-linux-x86_64 | 1.4 | 55.43 | 354.80 | 410.23 | OK | |
r-release-macos-arm64 | 1.4 | 120.00 | NOTE | |||
r-release-macos-x86_64 | 1.4 | 167.00 | NOTE | |||
r-release-windows-x86_64 | 1.4 | 474.00 | 399.00 | 873.00 | NOTE | |
r-oldrel-macos-arm64 | 1.4 | 113.00 | NOTE | |||
r-oldrel-macos-x86_64 | 1.4 | 171.00 | NOTE | |||
r-oldrel-windows-ix86+x86_64 | 1.4 | 148.00 | 530.00 | 678.00 | NOTE |
Version: 1.4
Check: Rd files
Result: NOTE
checkRd: (-1) plot_summary.Rd:14: Escaped LaTeX specials: \_
Flavors: r-devel-linux-x86_64-debian-clang, r-devel-linux-x86_64-debian-gcc, r-devel-linux-x86_64-fedora-clang, r-devel-linux-x86_64-fedora-gcc, r-devel-windows-x86_64
Version: 1.4
Check: installed package size
Result: NOTE
installed size is 5.5Mb
sub-directories of 1Mb or more:
doc 1.3Mb
extdata 3.5Mb
Flavors: r-devel-linux-x86_64-fedora-clang, r-devel-windows-x86_64, r-release-macos-arm64, r-release-macos-x86_64, r-release-windows-x86_64, r-oldrel-macos-arm64, r-oldrel-macos-x86_64, r-oldrel-windows-ix86+x86_64
Version: 1.4
Check: dependencies in R code
Result: NOTE
Namespace in Imports field not imported from: ‘sp’
All declared Imports should be used.
Flavors: r-devel-linux-x86_64-fedora-clang, r-devel-linux-x86_64-fedora-gcc, r-release-macos-arm64, r-release-macos-x86_64, r-oldrel-macos-arm64, r-oldrel-macos-x86_64