CRAN Package Check Results for Package geesmv

Last updated on 2024-06-24 21:56:47 CEST.

Flavor Version Tinstall Tcheck Ttotal Status Flags
r-devel-linux-x86_64-debian-clang 1.3 5.35 46.73 52.08 NOTE
r-devel-linux-x86_64-debian-gcc 1.3 4.37 33.83 38.20 NOTE
r-devel-linux-x86_64-fedora-clang 1.3 69.47 NOTE
r-devel-linux-x86_64-fedora-gcc 1.3 61.38 NOTE
r-devel-windows-x86_64 1.3 5.00 55.00 60.00 NOTE
r-patched-linux-x86_64 1.3 7.57 43.30 50.87 NOTE
r-release-linux-x86_64 1.3 4.73 43.96 48.69 NOTE
r-release-macos-arm64 1.3 22.00 NOTE
r-release-macos-x86_64 1.3 31.00 NOTE
r-release-windows-x86_64 1.3 7.00 54.00 61.00 NOTE
r-oldrel-macos-arm64 1.3 22.00 OK
r-oldrel-macos-x86_64 1.3 33.00 OK
r-oldrel-windows-x86_64 1.3 7.00 58.00 65.00 OK

Check Details

Version: 1.3
Check: Rd files
Result: NOTE checkRd: (-1) dental.Rd:15: Lost braces in \itemize; meant \describe ? checkRd: (-1) dental.Rd:16: Lost braces in \itemize; meant \describe ? checkRd: (-1) dental.Rd:17: Lost braces in \itemize; meant \describe ? checkRd: (-1) dental.Rd:18: Lost braces in \itemize; meant \describe ? checkRd: (-1) dental.Rd:19: Lost braces in \itemize; meant \describe ? checkRd: (-1) dental.Rd:20: Lost braces in \itemize; meant \describe ? checkRd: (-1) seizure.Rd:15: Lost braces in \itemize; meant \describe ? checkRd: (-1) seizure.Rd:16: Lost braces in \itemize; meant \describe ? checkRd: (-1) seizure.Rd:17: Lost braces in \itemize; meant \describe ? checkRd: (-1) seizure.Rd:18: Lost braces in \itemize; meant \describe ? checkRd: (-1) seizure.Rd:19: Lost braces in \itemize; meant \describe ? checkRd: (-1) seizure.Rd:20: Lost braces in \itemize; meant \describe ? checkRd: (-1) seizure.Rd:21: Lost braces in \itemize; meant \describe ? Flavors: r-devel-linux-x86_64-debian-clang, r-devel-linux-x86_64-debian-gcc, r-devel-linux-x86_64-fedora-clang, r-devel-linux-x86_64-fedora-gcc, r-devel-windows-x86_64, r-patched-linux-x86_64, r-release-linux-x86_64, r-release-macos-arm64, r-release-macos-x86_64, r-release-windows-x86_64