Last updated on 2021-01-21 07:52:53 CET.
Flavor | Version | Tinstall | Tcheck | Ttotal | Status | Flags |
---|---|---|---|---|---|---|
r-devel-linux-x86_64-debian-clang | 0.2.3 | 52.39 | 29.54 | 81.93 | OK | |
r-devel-linux-x86_64-debian-gcc | 0.2.3 | 32.07 | 23.14 | 55.21 | OK | |
r-devel-linux-x86_64-fedora-clang | 0.2.3 | 125.35 | OK | |||
r-devel-linux-x86_64-fedora-gcc | 0.2.3 | 100.18 | OK | |||
r-devel-windows-ix86+x86_64 | 0.2.3 | 89.00 | 80.00 | 169.00 | NOTE | |
r-patched-linux-x86_64 | 0.2.3 | 42.19 | 28.50 | 70.69 | OK | |
r-patched-solaris-x86 | 0.2.3 | 102.00 | OK | |||
r-release-linux-x86_64 | 0.2.3 | 38.96 | 28.83 | 67.79 | OK | |
r-release-macos-x86_64 | 0.2.3 | OK | ||||
r-release-windows-ix86+x86_64 | 0.2.3 | 88.00 | 89.00 | 177.00 | NOTE | |
r-oldrel-macos-x86_64 | 0.2.3 | OK | ||||
r-oldrel-windows-ix86+x86_64 | 0.2.3 | 82.00 | 64.00 | 146.00 | NOTE |
Version: 0.2.3
Check: installed package size
Result: NOTE
installed size is 8.2Mb
sub-directories of 1Mb or more:
libs 8.1Mb
Flavors: r-devel-windows-ix86+x86_64, r-release-windows-ix86+x86_64, r-oldrel-windows-ix86+x86_64