CRAN Package Check Results for Package gdns

Last updated on 2020-08-10 22:49:29 CEST.

Flavor Version Tinstall Tcheck Ttotal Status Flags
r-devel-linux-x86_64-debian-clang 0.5.0 2.38 26.26 28.64 OK
r-devel-linux-x86_64-debian-gcc 0.5.0 2.04 20.63 22.67 OK
r-devel-linux-x86_64-fedora-clang 0.5.0 43.07 NOTE
r-devel-linux-x86_64-fedora-gcc 0.5.0 33.63 NOTE
r-devel-windows-ix86+x86_64 0.5.0 9.00 50.00 59.00 OK
r-patched-linux-x86_64 0.5.0 2.50 25.74 28.24 OK
r-patched-solaris-x86 0.5.0 53.90 NOTE
r-release-linux-x86_64 0.5.0 2.39 25.85 28.24 OK
r-release-macos-x86_64 0.5.0 NOTE
r-release-windows-ix86+x86_64 0.5.0 10.00 54.00 64.00 OK
r-oldrel-macos-x86_64 0.5.0 NOTE
r-oldrel-windows-ix86+x86_64 0.5.0 5.00 34.00 39.00 OK

Check Details

Version: 0.5.0
Check: data for non-ASCII characters
Result: NOTE
     Note: found 1 marked UTF-8 string
Flavors: r-devel-linux-x86_64-fedora-clang, r-devel-linux-x86_64-fedora-gcc, r-patched-solaris-x86, r-release-macos-x86_64, r-oldrel-macos-x86_64