CRAN Package Check Results for Package gdm

Last updated on 2020-09-22 14:04:58 CEST.

Flavor Version Tinstall Tcheck Ttotal Status Flags
r-devel-linux-x86_64-debian-clang 1.4.2 26.22 150.77 176.99 OK
r-devel-linux-x86_64-debian-gcc 1.4.2 20.23 118.95 139.18 OK
r-devel-linux-x86_64-fedora-clang 1.4.2 227.74 OK
r-devel-linux-x86_64-fedora-gcc 1.4.2 220.09 OK
r-devel-windows-ix86+x86_64 1.4.2 83.00 230.00 313.00 NOTE
r-patched-linux-x86_64 1.4.2 24.31 147.99 172.30 OK
r-patched-solaris-x86 1.4.2 283.80 OK
r-release-linux-x86_64 1.4.2 22.72 147.75 170.47 OK
r-release-macos-x86_64 1.4.2 OK
r-release-windows-ix86+x86_64 1.4.2 78.00 209.00 287.00 NOTE
r-oldrel-macos-x86_64 1.4.2 OK
r-oldrel-windows-ix86+x86_64 1.4.2 51.00 252.00 303.00 NOTE

Check Details

Version: 1.4.2
Check: installed package size
Result: NOTE
     installed size is 6.1Mb
     sub-directories of 1Mb or more:
     extdata 3.0Mb
     libs 1.8Mb
Flavors: r-devel-windows-ix86+x86_64, r-release-windows-ix86+x86_64, r-oldrel-windows-ix86+x86_64