CRAN Package Check Results for Package gdiff

Last updated on 2020-10-28 19:47:46 CET.

Flavor Version Tinstall Tcheck Ttotal Status Flags
r-devel-linux-x86_64-debian-clang 0.2-1 3.46 31.85 35.31 OK
r-devel-linux-x86_64-debian-gcc 0.2-1 2.64 23.46 26.10 OK
r-devel-linux-x86_64-fedora-clang 0.2-1 50.30 OK
r-devel-linux-x86_64-fedora-gcc 0.2-1 38.87 OK
r-devel-windows-ix86+x86_64 0.2-1 7.00 54.00 61.00 OK
r-patched-linux-x86_64 0.2-1 OK
r-patched-solaris-x86 0.2-1 59.50 NOTE
r-release-linux-x86_64 0.2-1 3.34 29.14 32.48 OK
r-release-macos-x86_64 0.2-1 OK
r-release-windows-ix86+x86_64 0.2-1 5.00 36.00 41.00 OK
r-oldrel-macos-x86_64 0.2-1 OK
r-oldrel-windows-ix86+x86_64 0.2-1 6.00 45.00 51.00 OK

Additional issues

MKL

Check Details

Version: 0.2-1
Check: package dependencies
Result: NOTE
    Package suggested but not available for checking: ‘ssh’
Flavor: r-patched-solaris-x86