Last updated on 2023-02-08 18:51:20 CET.
Flavor | Version | Tinstall | Tcheck | Ttotal | Status | Flags |
---|---|---|---|---|---|---|
r-devel-linux-x86_64-debian-clang | 2.3.3 | 5.48 | 29.68 | 35.16 | NOTE | |
r-devel-linux-x86_64-debian-gcc | 2.3.3 | 4.09 | 22.86 | 26.95 | NOTE | |
r-devel-linux-x86_64-fedora-clang | 2.3.3 | 44.07 | NOTE | |||
r-devel-linux-x86_64-fedora-gcc | 2.3.3 | 43.06 | NOTE | |||
r-devel-windows-x86_64 | 2.3.3 | 20.00 | 68.00 | 88.00 | NOTE | |
r-patched-linux-x86_64 | 2.3.3 | 4.39 | 29.30 | 33.69 | OK | |
r-release-linux-x86_64 | 2.3.3 | 4.28 | 28.93 | 33.21 | OK | |
r-release-macos-arm64 | 2.3.3 | 22.00 | OK | |||
r-release-macos-x86_64 | 2.3.3 | 27.00 | OK | |||
r-release-windows-x86_64 | 2.3.3 | 18.00 | 65.00 | 83.00 | OK | |
r-oldrel-macos-arm64 | 2.3.3 | 26.00 | OK | |||
r-oldrel-macos-x86_64 | 2.3.3 | 35.00 | OK | |||
r-oldrel-windows-ix86+x86_64 | 2.3.3 | 14.00 | 69.00 | 83.00 | OK |
Version: 2.3.3
Check: Rd files
Result: NOTE
checkRd: (-1) fitgbd.Rd:29: Escaped LaTeX specials: \&
checkRd: (-1) fitgld.Rd:30: Escaped LaTeX specials: \&
checkRd: (-1) gb.Rd:28: Escaped LaTeX specials: \&
checkRd: (-1) gbd.Rd:37: Escaped LaTeX specials: \&
checkRd: (-1) gld.Rd:36: Escaped LaTeX specials: \&
Flavors: r-devel-linux-x86_64-debian-clang, r-devel-linux-x86_64-debian-gcc, r-devel-linux-x86_64-fedora-clang, r-devel-linux-x86_64-fedora-gcc, r-devel-windows-x86_64