CRAN Package Check Results for Package gapfill

Last updated on 2020-08-10 22:49:29 CEST.

Flavor Version Tinstall Tcheck Ttotal Status Flags
r-devel-linux-x86_64-debian-clang 0.9.6 27.30 125.98 153.28 OK
r-devel-linux-x86_64-debian-gcc 0.9.6 20.87 94.01 114.88 OK
r-devel-linux-x86_64-fedora-clang 0.9.6 194.29 OK
r-devel-linux-x86_64-fedora-gcc 0.9.6 176.98 OK
r-devel-windows-ix86+x86_64 0.9.6 57.00 264.00 321.00 OK
r-patched-linux-x86_64 0.9.6 21.68 120.92 142.60 OK
r-patched-solaris-x86 0.9.6 239.50 OK
r-release-linux-x86_64 0.9.6 21.84 119.43 141.27 OK
r-release-macos-x86_64 0.9.6 NOTE
r-release-windows-ix86+x86_64 0.9.6 78.00 255.00 333.00 OK
r-oldrel-macos-x86_64 0.9.6 NOTE
r-oldrel-windows-ix86+x86_64 0.9.6 57.00 167.00 224.00 OK

Check Details

Version: 0.9.6
Check: package dependencies
Result: NOTE
    Package which this enhances but not available for checking: ‘doMPI’
Flavors: r-release-macos-x86_64, r-oldrel-macos-x86_64