CRAN Package Check Results for Package gamclass

Last updated on 2022-07-02 12:53:03 CEST.

Flavor Version Tinstall Tcheck Ttotal Status Flags
r-devel-linux-x86_64-debian-clang 0.62.3 5.12 156.09 161.21 OK
r-devel-linux-x86_64-debian-gcc 0.62.3 4.59 120.40 124.99 OK
r-devel-linux-x86_64-fedora-clang 0.62.3 197.19 OK
r-devel-linux-x86_64-fedora-gcc 0.62.3 202.47 OK
r-devel-windows-x86_64 0.62.3 45.00 196.00 241.00 OK
r-patched-linux-x86_64 0.62.3 6.11 146.65 152.76 OK
r-release-linux-x86_64 0.62.3 5.77 146.35 152.12 OK
r-release-macos-arm64 0.62.3 75.00 NOTE
r-release-macos-x86_64 0.62.3 89.00 OK
r-release-windows-x86_64 0.62.3 36.00 202.00 238.00 OK
r-oldrel-macos-arm64 0.62.3 97.00 OK
r-oldrel-macos-x86_64 0.62.3 131.00 OK
r-oldrel-windows-ix86+x86_64 0.62.3 12.00 195.00 207.00 OK

Check Details

Version: 0.62.3
Check: package dependencies
Result: NOTE
    Package suggested but not available for checking: ‘DAAGbio’
Flavor: r-release-macos-arm64