CRAN Package Check Results for Package gafit

Last updated on 2024-06-17 00:49:59 CEST.

Flavor Version Tinstall Tcheck Ttotal Status Flags
r-devel-linux-x86_64-debian-clang 0.5.1 2.78 20.36 23.14 OK
r-devel-linux-x86_64-debian-gcc 0.5.1 1.97 15.72 17.69 NOTE
r-devel-linux-x86_64-fedora-clang 0.5.1 30.07 NOTE
r-devel-linux-x86_64-fedora-gcc 0.5.1 27.52 NOTE
r-devel-windows-x86_64 0.5.1 4.00 42.00 46.00 OK
r-patched-linux-x86_64 0.5.1 2.13 19.55 21.68 OK
r-release-linux-x86_64 0.5.1 2.10 19.66 21.76 OK
r-release-macos-arm64 0.5.1 15.00 OK
r-release-macos-x86_64 0.5.1 30.00 OK
r-release-windows-x86_64 0.5.1 4.00 42.00 46.00 OK
r-oldrel-macos-arm64 0.5.1 17.00 OK
r-oldrel-macos-x86_64 0.5.1 20.00 OK
r-oldrel-windows-x86_64 0.5.1 6.00 41.00 47.00 OK

Check Details

Version: 0.5.1
Check: compiled code
Result: NOTE File ‘gafit/libs/gafit.so’: Found non-API calls to R: ‘FRAME’, ‘HASHTAB’ Compiled code should not call non-API entry points in R. See ‘Writing portable packages’ in the ‘Writing R Extensions’ manual. Flavor: r-devel-linux-x86_64-debian-gcc

Version: 0.5.1
Check: compiled code
Result: NOTE File ‘gafit/libs/gafit.so’: Found non-API calls to R: ‘FRAME’, ‘HASHTAB’ File ‘gafit/libs/gafit.so’: Found no calls to: ‘R_registerRoutines’, ‘R_useDynamicSymbols’ Compiled code should not call non-API entry points in R. It is good practice to register native routines and to disable symbol search. See ‘Writing portable packages’ in the ‘Writing R Extensions’ manual. Flavor: r-devel-linux-x86_64-fedora-clang

Version: 0.5.1
Check: compiled code
Result: NOTE File ‘gafit/libs/gafit.so’: Found no calls to: ‘R_registerRoutines’, ‘R_useDynamicSymbols’ It is good practice to register native routines and to disable symbol search. See ‘Writing portable packages’ in the ‘Writing R Extensions’ manual. Flavor: r-devel-linux-x86_64-fedora-gcc