CRAN Package Check Results for Package gRbase

Last updated on 2020-09-20 07:51:30 CEST.

Flavor Version Tinstall Tcheck Ttotal Status Flags
r-devel-linux-x86_64-debian-clang 1.8-6.7 300.47 153.47 453.94 OK
r-devel-linux-x86_64-debian-gcc 1.8-6.7 214.97 118.59 333.56 OK
r-devel-linux-x86_64-fedora-clang 1.8-6.7 613.41 NOTE
r-devel-linux-x86_64-fedora-gcc 1.8-6.7 576.08 OK
r-devel-windows-ix86+x86_64 1.8-6.7 660.00 235.00 895.00 NOTE
r-patched-linux-x86_64 1.8-6.7 220.24 150.37 370.61 OK
r-patched-solaris-x86 1.8-6.7 530.20 OK
r-release-linux-x86_64 1.8-6.7 230.82 151.09 381.91 OK
r-release-macos-x86_64 1.8-6.7 NOTE
r-release-windows-ix86+x86_64 1.8-6.7 665.00 206.00 871.00 NOTE
r-oldrel-macos-x86_64 1.8-6.7 NOTE
r-oldrel-windows-ix86+x86_64 1.8-6.7 439.00 249.00 688.00 OK

Check Details

Version: 1.8-6.7
Check: installed package size
Result: NOTE
     installed size is 16.4Mb
     sub-directories of 1Mb or more:
     libs 14.4Mb
Flavors: r-devel-linux-x86_64-fedora-clang, r-devel-windows-ix86+x86_64, r-release-macos-x86_64, r-release-windows-ix86+x86_64, r-oldrel-macos-x86_64