Last updated on 2022-08-07 18:51:49 CEST.
Flavor | Version | Tinstall | Tcheck | Ttotal | Status | Flags |
---|---|---|---|---|---|---|
r-devel-linux-x86_64-debian-clang | 1.8.7 | 267.29 | 175.75 | 443.04 | OK | |
r-devel-linux-x86_64-debian-gcc | 1.8.7 | 236.63 | 132.45 | 369.08 | OK | |
r-devel-linux-x86_64-fedora-clang | 1.8.7 | 661.23 | NOTE | |||
r-devel-linux-x86_64-fedora-gcc | 1.8.7 | 597.60 | OK | |||
r-devel-windows-x86_64 | 1.8.7 | 302.00 | 252.00 | 554.00 | OK | |
r-patched-linux-x86_64 | 1.8.7 | 254.86 | 165.24 | 420.10 | OK | |
r-release-linux-x86_64 | 1.8.7 | 241.68 | 168.35 | 410.03 | OK | |
r-release-macos-arm64 | 1.8.7 | 147.00 | NOTE | |||
r-release-macos-x86_64 | 1.8.7 | 195.00 | NOTE | |||
r-release-windows-x86_64 | 1.8.7 | 236.00 | 251.00 | 487.00 | OK | |
r-oldrel-macos-arm64 | 1.8.7 | 120.00 | NOTE | |||
r-oldrel-macos-x86_64 | 1.8.7 | 187.00 | NOTE | |||
r-oldrel-windows-ix86+x86_64 | 1.8.7 | 693.00 | 289.00 | 982.00 | NOTE |
Version: 1.8.7
Check: installed package size
Result: NOTE
installed size is 11.2Mb
sub-directories of 1Mb or more:
libs 8.9Mb
Flavors: r-devel-linux-x86_64-fedora-clang, r-release-macos-arm64, r-release-macos-x86_64, r-oldrel-macos-arm64, r-oldrel-macos-x86_64, r-oldrel-windows-ix86+x86_64