CRAN Package Check Results for Package fy

Last updated on 2022-10-03 21:53:38 CEST.

Flavor Version Tinstall Tcheck Ttotal Status Flags
r-devel-linux-x86_64-debian-clang 0.3.0 3.14 35.53 38.67 NOTE
r-devel-linux-x86_64-debian-gcc 0.3.0 2.22 26.42 28.64 NOTE
r-devel-linux-x86_64-fedora-clang 0.3.0 59.89 NOTE
r-devel-linux-x86_64-fedora-gcc 0.3.0 60.45 NOTE
r-devel-windows-x86_64 0.3.0 10.00 63.00 73.00 NOTE
r-patched-linux-x86_64 0.3.0 2.09 32.48 34.57 NOTE
r-release-linux-x86_64 0.3.0 3.26 33.38 36.64 NOTE
r-release-macos-arm64 0.3.0 17.00 NOTE
r-release-macos-x86_64 0.3.0 27.00 NOTE
r-release-windows-x86_64 0.3.0 13.00 58.00 71.00 NOTE
r-oldrel-macos-arm64 0.3.0 23.00 NOTE
r-oldrel-macos-x86_64 0.3.0 31.00 NOTE
r-oldrel-windows-ix86+x86_64 0.3.0 7.00 57.00 64.00 NOTE

Check Details

Version: 0.3.0
Check: LazyData
Result: NOTE
     'LazyData' is specified without a 'data' directory
Flavors: r-devel-linux-x86_64-debian-clang, r-devel-linux-x86_64-debian-gcc, r-devel-linux-x86_64-fedora-clang, r-devel-linux-x86_64-fedora-gcc, r-devel-windows-x86_64, r-patched-linux-x86_64, r-release-linux-x86_64, r-release-macos-arm64, r-release-macos-x86_64, r-release-windows-x86_64, r-oldrel-macos-arm64, r-oldrel-macos-x86_64, r-oldrel-windows-ix86+x86_64