CRAN Package Check Results for Package fuzzr

Last updated on 2022-09-26 00:50:31 CEST.

Flavor Version Tinstall Tcheck Ttotal Status Flags
r-devel-linux-x86_64-debian-clang 0.2.2 2.37 41.76 44.13 NOTE
r-devel-linux-x86_64-debian-gcc 0.2.2 1.76 31.20 32.96 NOTE
r-devel-linux-x86_64-fedora-clang 0.2.2 62.47 NOTE
r-devel-linux-x86_64-fedora-gcc 0.2.2 66.18 NOTE
r-devel-windows-x86_64 0.2.2 12.00 71.00 83.00 NOTE
r-patched-linux-x86_64 0.2.2 1.66 40.00 41.66 NOTE
r-release-linux-x86_64 0.2.2 1.83 38.45 40.28 NOTE
r-release-macos-arm64 0.2.2 21.00 NOTE
r-release-macos-x86_64 0.2.2 30.00 NOTE
r-release-windows-x86_64 0.2.2 11.00 72.00 83.00 NOTE
r-oldrel-macos-arm64 0.2.2 25.00 NOTE
r-oldrel-macos-x86_64 0.2.2 32.00 NOTE
r-oldrel-windows-ix86+x86_64 0.2.2 6.00 64.00 70.00 NOTE

Check Details

Version: 0.2.2
Check: LazyData
Result: NOTE
     'LazyData' is specified without a 'data' directory
Flavors: r-devel-linux-x86_64-debian-clang, r-devel-linux-x86_64-debian-gcc, r-devel-linux-x86_64-fedora-clang, r-devel-linux-x86_64-fedora-gcc, r-devel-windows-x86_64, r-patched-linux-x86_64, r-release-linux-x86_64, r-release-macos-arm64, r-release-macos-x86_64, r-release-windows-x86_64, r-oldrel-macos-arm64, r-oldrel-macos-x86_64, r-oldrel-windows-ix86+x86_64