CRAN Package Check Results for Package fuser

Last updated on 2020-10-25 22:48:14 CET.

Flavor Version Tinstall Tcheck Ttotal Status Flags
r-devel-linux-x86_64-debian-clang 1.0.1 38.11 107.82 145.93 OK
r-devel-linux-x86_64-debian-gcc 1.0.1 28.13 81.55 109.68 OK
r-devel-linux-x86_64-fedora-clang 1.0.1 188.90 OK
r-devel-linux-x86_64-fedora-gcc 1.0.1 175.78 OK
r-devel-windows-ix86+x86_64 1.0.1 85.00 209.00 294.00 OK
r-patched-linux-x86_64 1.0.1 33.23 101.40 134.63 OK
r-patched-solaris-x86 1.0.1 259.80 OK
r-release-linux-x86_64 1.0.1 34.96 101.74 136.70 OK
r-release-macos-x86_64 1.0.1 NOTE
r-release-windows-ix86+x86_64 1.0.1 60.00 173.00 233.00 OK
r-oldrel-macos-x86_64 1.0.1 NOTE
r-oldrel-windows-ix86+x86_64 1.0.1 72.00 198.00 270.00 OK

Check Details

Version: 1.0.1
Check: installed package size
Result: NOTE
     installed size is 5.3Mb
     sub-directories of 1Mb or more:
     libs 5.1Mb
Flavors: r-release-macos-x86_64, r-oldrel-macos-x86_64