CRAN Package Check Results for Package furniture

Last updated on 2020-05-27 07:50:57 CEST.

Flavor Version Tinstall Tcheck Ttotal Status Flags
r-devel-linux-x86_64-debian-clang 1.9.7 6.77 60.49 67.26 OK
r-devel-linux-x86_64-debian-gcc 1.9.7 5.09 45.42 50.51 OK
r-devel-linux-x86_64-fedora-clang 1.9.7 78.89 NOTE
r-devel-linux-x86_64-fedora-gcc 1.9.7 76.94 NOTE
r-devel-windows-ix86+x86_64 1.9.7 20.00 100.00 120.00 OK
r-patched-linux-x86_64 1.9.7 6.53 59.59 66.12 OK
r-patched-solaris-x86 1.9.7 107.60 NOTE
r-release-linux-x86_64 1.9.7 6.60 58.55 65.15 OK
r-release-osx-x86_64 1.9.7 NOTE
r-release-windows-ix86+x86_64 1.9.7 15.00 94.00 109.00 OK
r-oldrel-osx-x86_64 1.9.7 NOTE
r-oldrel-windows-ix86+x86_64 1.9.7 12.00 73.00 85.00 OK

Check Details

Version: 1.9.7
Check: dependencies in R code
Result: NOTE
    Namespace in Imports field not imported from: ‘magrittr’
     All declared Imports should be used.
Flavors: r-devel-linux-x86_64-fedora-clang, r-devel-linux-x86_64-fedora-gcc, r-patched-solaris-x86, r-release-osx-x86_64, r-oldrel-osx-x86_64