CRAN Package Check Results for Package funr

Last updated on 2022-10-01 07:07:57 CEST.

Flavor Version Tinstall Tcheck Ttotal Status Flags
r-devel-linux-x86_64-debian-clang 0.3.2 2.51 24.96 27.47 NOTE
r-devel-linux-x86_64-debian-gcc 0.3.2 1.76 19.51 21.27 NOTE
r-devel-linux-x86_64-fedora-clang 0.3.2 46.05 NOTE
r-devel-linux-x86_64-fedora-gcc 0.3.2 45.72 NOTE
r-devel-windows-x86_64 0.3.2 7.00 57.00 64.00 NOTE
r-patched-linux-x86_64 0.3.2 2.19 24.24 26.43 NOTE
r-release-linux-x86_64 0.3.2 2.25 24.05 26.30 NOTE
r-release-macos-arm64 0.3.2 16.00 NOTE
r-release-macos-x86_64 0.3.2 21.00 NOTE
r-release-windows-x86_64 0.3.2 8.00 54.00 62.00 NOTE
r-oldrel-macos-arm64 0.3.2 20.00 NOTE
r-oldrel-macos-x86_64 0.3.2 34.00 NOTE
r-oldrel-windows-ix86+x86_64 0.3.2 4.00 48.00 52.00 NOTE

Check Details

Version: 0.3.2
Check: LazyData
Result: NOTE
     'LazyData' is specified without a 'data' directory
Flavors: r-devel-linux-x86_64-debian-clang, r-devel-linux-x86_64-debian-gcc, r-devel-linux-x86_64-fedora-clang, r-devel-linux-x86_64-fedora-gcc, r-devel-windows-x86_64, r-patched-linux-x86_64, r-release-linux-x86_64, r-release-macos-arm64, r-release-macos-x86_64, r-release-windows-x86_64, r-oldrel-macos-arm64, r-oldrel-macos-x86_64, r-oldrel-windows-ix86+x86_64