Last updated on 2022-06-29 00:51:15 CEST.
Flavor | Version | Tinstall | Tcheck | Ttotal | Status | Flags |
---|---|---|---|---|---|---|
r-devel-linux-x86_64-debian-clang | 0.9.4.4 | 16.95 | 157.59 | 174.54 | NOTE | |
r-devel-linux-x86_64-debian-gcc | 0.9.4.4 | 14.75 | 118.69 | 133.44 | NOTE | |
r-devel-linux-x86_64-fedora-clang | 0.9.4.4 | 231.13 | NOTE | |||
r-devel-linux-x86_64-fedora-gcc | 0.9.4.4 | 231.12 | NOTE | |||
r-devel-windows-x86_64 | 0.9.4.4 | 31.00 | 183.00 | 214.00 | NOTE | |
r-patched-linux-x86_64 | 0.9.4.4 | 17.35 | 153.07 | 170.42 | NOTE | |
r-release-linux-x86_64 | 0.9.4.4 | 13.06 | 149.79 | 162.85 | NOTE | |
r-release-macos-arm64 | 0.9.4.4 | 61.00 | NOTE | |||
r-release-macos-x86_64 | 0.9.4.4 | 113.00 | NOTE | |||
r-release-windows-x86_64 | 0.9.4.4 | 35.00 | 178.00 | 213.00 | NOTE | |
r-oldrel-macos-arm64 | 0.9.4.4 | 92.00 | NOTE | |||
r-oldrel-macos-x86_64 | 0.9.4.4 | 110.00 | NOTE | |||
r-oldrel-windows-ix86+x86_64 | 0.9.4.4 | 41.00 | 172.00 | 213.00 | OK |
Version: 0.9.4.4
Check: package dependencies
Result: NOTE
Packages suggested but not available for checking:
'extraTrees', 'foba', 'nodeHarvest', 'obliqueRF', 'relaxo', 'rrlda'
Flavors: r-devel-linux-x86_64-debian-clang, r-devel-linux-x86_64-debian-gcc, r-devel-linux-x86_64-fedora-clang, r-devel-linux-x86_64-fedora-gcc, r-patched-linux-x86_64, r-release-linux-x86_64
Version: 0.9.4.4
Check: package dependencies
Result: NOTE
Packages suggested but not available for checking: 'foba', 'rrlda'
Flavors: r-devel-windows-x86_64, r-release-macos-arm64, r-release-windows-x86_64
Version: 0.9.4.4
Check: package dependencies
Result: NOTE
Packages suggested but not available for checking:
'extraTrees', 'foba', 'rrlda', 'RWeka'
Flavor: r-release-macos-x86_64
Version: 0.9.4.4
Check: package dependencies
Result: NOTE
Package suggested but not available for checking: ‘foba’
Flavors: r-oldrel-macos-arm64, r-oldrel-macos-x86_64