CRAN Package Check Results for Package fresh

Last updated on 2022-08-11 06:51:44 CEST.

Flavor Version Tinstall Tcheck Ttotal Status Flags
r-devel-linux-x86_64-debian-clang 0.2.0 6.49 65.48 71.97 NOTE
r-devel-linux-x86_64-debian-gcc 0.2.0 5.89 50.53 56.42 NOTE
r-devel-linux-x86_64-fedora-clang 0.2.0 100.23 NOTE
r-devel-linux-x86_64-fedora-gcc 0.2.0 94.30 NOTE
r-devel-windows-x86_64 0.2.0 554.00 124.00 678.00 NOTE
r-patched-linux-x86_64 0.2.0 5.64 62.64 68.28 NOTE
r-release-linux-x86_64 0.2.0 NOTE
r-release-macos-arm64 0.2.0 31.00 NOTE
r-release-macos-x86_64 0.2.0 47.00 NOTE
r-release-windows-x86_64 0.2.0 541.00 129.00 670.00 NOTE
r-oldrel-macos-arm64 0.2.0 37.00 NOTE
r-oldrel-macos-x86_64 0.2.0 58.00 NOTE
r-oldrel-windows-ix86+x86_64 0.2.0 18.00 97.00 115.00 NOTE

Check Details

Version: 0.2.0
Check: LazyData
Result: NOTE
     'LazyData' is specified without a 'data' directory
Flavors: r-devel-linux-x86_64-debian-clang, r-devel-linux-x86_64-debian-gcc, r-devel-linux-x86_64-fedora-clang, r-devel-linux-x86_64-fedora-gcc, r-devel-windows-x86_64, r-patched-linux-x86_64, r-release-linux-x86_64, r-release-macos-arm64, r-release-macos-x86_64, r-release-windows-x86_64, r-oldrel-macos-arm64, r-oldrel-macos-x86_64, r-oldrel-windows-ix86+x86_64

Version: 0.2.0
Check: HTML version of manual
Result: NOTE
    Found the following HTML validation problems:
    adminlte_color.html:56:44: Warning: trimming empty <span>
    adminlte_color.html:60:36: Warning: trimming empty <span>
    adminlte_color.html:64:39: Warning: trimming empty <span>
    adminlte_color.html:68:35: Warning: trimming empty <span>
    adminlte_color.html:72:40: Warning: trimming empty <span>
    adminlte_color.html:76:21: Warning: trimming empty <span>
    adminlte_color.html:80:21: Warning: trimming empty <span>
    adminlte_color.html:84:21: Warning: trimming empty <span>
    adminlte_color.html:88:22: Warning: trimming empty <span>
    adminlte_color.html:92:21: Warning: trimming empty <span>
    adminlte_color.html:96:23: Warning: trimming empty <span>
    adminlte_color.html:100:24: Warning: trimming empty <span>
    adminlte_color.html:104:23: Warning: trimming empty <span>
    adminlte_color.html:108:23: Warning: trimming empty <span>
    adminlte_color.html:112:22: Warning: trimming empty <span>
    adminlte_color.html:116:21: Warning: trimming empty <span>
    bs4dash_color.html:59:13: Warning: trimming empty <span>
    bs4dash_color.html:63:13: Warning: trimming empty <span>
    bs4dash_color.html:67:13: Warning: trimming empty <span>
    bs4dash_color.html:71:13: Warning: trimming empty <span>
    bs4dash_color.html:75:13: Warning: trimming empty <span>
    bs4dash_color.html:79:13: Warning: trimming empty <span>
    bs4dash_color.html:83:13: Warning: trimming empty <span>
    bs4dash_color.html:87:13: Warning: trimming empty <span>
    bs4dash_color.html:91:13: Warning: trimming empty <span>
    bs4dash_color.html:95:13: Warning: trimming empty <span>
    bs4dash_color.html:99:13: Warning: trimming empty <span>
    bs4dash_color.html:103:13: Warning: trimming empty <span>
    bs4dash_color.html:107:13: Warning: trimming empty <span>
    bs4dash_color.html:111:13: Warning: trimming empty <span>
    bs4dash_color.html:115:13: Warning: trimming empty <span>
    bs4dash_color.html:119:13: Warning: trimming empty <span>
    bs4dash_color.html:123:13: Warning: trimming empty <span>
    bs4dash_color.html:127:13: Warning: trimming empty <span>
    bs4dash_color.html:131:13: Warning: trimming empty <span>
    bs4dash_color.html:135:13: Warning: trimming empty <span>
    bs4dash_status.html:47:13: Warning: trimming empty <span>
    bs4dash_status.html:51:13: Warning: trimming empty <span>
    bs4dash_status.html:55:13: Warning: trimming empty <span>
    bs4dash_status.html:59:13: Warning: trimming empty <span>
    bs4dash_status.html:63:13: Warning: trimming empty <span>
    bs4dash_status.html:67:13: Warning: trimming empty <span>
    bs4dash_status.html:71:13: Warning: trimming empty <span>
    bs4dash_status.html:75:13: Warning: trimming empty <span>
    bs_vars_color.html:51:28: Warning: trimming empty <span>
    bs_vars_color.html:55:28: Warning: trimming empty <span>
    bs_vars_color.html:59:25: Warning: trimming empty <span>
    bs_vars_color.html:63:28: Warning: trimming empty <span>
    bs_vars_color.html:67:27: Warning: trimming empty <span>
Flavors: r-devel-linux-x86_64-debian-clang, r-devel-linux-x86_64-debian-gcc