CRAN Package Check Results for Package fredr

Last updated on 2022-10-04 21:53:40 CEST.

Flavor Version Tinstall Tcheck Ttotal Status Flags
r-devel-linux-x86_64-debian-clang 2.1.0 4.00 52.41 56.41 OK
r-devel-linux-x86_64-debian-gcc 2.1.0 3.46 40.63 44.09 OK
r-devel-linux-x86_64-fedora-clang 2.1.0 82.10 NOTE
r-devel-linux-x86_64-fedora-gcc 2.1.0 84.64 NOTE
r-devel-windows-x86_64 2.1.0 48.00 104.00 152.00 OK
r-patched-linux-x86_64 2.1.0 5.23 48.68 53.91 OK
r-release-linux-x86_64 2.1.0 3.11 48.20 51.31 OK
r-release-macos-arm64 2.1.0 34.00 NOTE
r-release-macos-x86_64 2.1.0 44.00 NOTE
r-release-windows-x86_64 2.1.0 32.00 103.00 135.00 OK
r-oldrel-macos-arm64 2.1.0 33.00 NOTE
r-oldrel-macos-x86_64 2.1.0 44.00 NOTE
r-oldrel-windows-ix86+x86_64 2.1.0 9.00 81.00 90.00 OK

Check Details

Version: 2.1.0
Check: data for non-ASCII characters
Result: NOTE
     Note: found 1 marked UTF-8 string
Flavors: r-devel-linux-x86_64-fedora-clang, r-devel-linux-x86_64-fedora-gcc, r-release-macos-arm64, r-release-macos-x86_64, r-oldrel-macos-arm64, r-oldrel-macos-x86_64