Last updated on 2023-02-03 00:51:00 CET.
Flavor | Version | Tinstall | Tcheck | Ttotal | Status | Flags |
---|---|---|---|---|---|---|
r-devel-linux-x86_64-debian-clang | 0.1.3 | 21.19 | 40.31 | 61.50 | NOTE | |
r-devel-linux-x86_64-debian-gcc | 0.1.3 | 15.48 | 30.71 | 46.19 | NOTE | |
r-devel-linux-x86_64-fedora-clang | 0.1.3 | 81.59 | NOTE | |||
r-devel-linux-x86_64-fedora-gcc | 0.1.3 | 84.39 | NOTE | |||
r-devel-windows-x86_64 | 0.1.3 | 41.00 | 93.00 | 134.00 | NOTE | |
r-patched-linux-x86_64 | 0.1.3 | 15.16 | 39.47 | 54.63 | NOTE | |
r-release-linux-x86_64 | 0.1.3 | 15.59 | 37.44 | 53.03 | NOTE | |
r-release-macos-arm64 | 0.1.3 | 27.00 | NOTE | |||
r-release-macos-x86_64 | 0.1.3 | 37.00 | NOTE | |||
r-release-windows-x86_64 | 0.1.3 | 38.00 | 96.00 | 134.00 | NOTE | |
r-oldrel-macos-arm64 | 0.1.3 | 32.00 | NOTE | |||
r-oldrel-macos-x86_64 | 0.1.3 | 51.00 | NOTE | |||
r-oldrel-windows-ix86+x86_64 | 0.1.3 | 46.00 | 91.00 | 137.00 | NOTE |
Version: 0.1.3
Check: LazyData
Result: NOTE
'LazyData' is specified without a 'data' directory
Flavors: r-devel-linux-x86_64-debian-clang, r-devel-linux-x86_64-debian-gcc, r-devel-linux-x86_64-fedora-clang, r-devel-linux-x86_64-fedora-gcc, r-devel-windows-x86_64, r-patched-linux-x86_64, r-release-linux-x86_64, r-release-macos-arm64, r-release-macos-x86_64, r-release-windows-x86_64, r-oldrel-macos-arm64, r-oldrel-macos-x86_64, r-oldrel-windows-ix86+x86_64
Version: 0.1.3
Check: compiled code
Result: NOTE
File ‘fractional/libs/fractional.so’:
Found no calls to: ‘R_registerRoutines’, ‘R_useDynamicSymbols’
It is good practice to register native routines and to disable symbol
search.
See ‘Writing portable packages’ in the ‘Writing R Extensions’ manual.
Flavors: r-devel-linux-x86_64-fedora-clang, r-devel-linux-x86_64-fedora-gcc