CRAN Package Check Results for Package fractional

Last updated on 2020-05-30 13:51:25 CEST.

Flavor Version Tinstall Tcheck Ttotal Status Flags
r-devel-linux-x86_64-debian-clang 0.1.3 20.10 33.45 53.55 OK
r-devel-linux-x86_64-debian-gcc 0.1.3 13.08 26.43 39.51 OK
r-devel-linux-x86_64-fedora-clang 0.1.3 68.46 NOTE
r-devel-linux-x86_64-fedora-gcc 0.1.3 63.64 NOTE
r-devel-windows-ix86+x86_64 0.1.3 51.00 92.00 143.00 OK
r-patched-linux-x86_64 0.1.3 13.58 33.51 47.09 OK
r-patched-solaris-x86 0.1.3 78.60 OK
r-release-linux-x86_64 0.1.3 13.04 32.91 45.95 OK
r-release-osx-x86_64 0.1.3 OK
r-release-windows-ix86+x86_64 0.1.3 35.00 88.00 123.00 OK
r-oldrel-osx-x86_64 0.1.3 OK
r-oldrel-windows-ix86+x86_64 0.1.3 54.00 68.00 122.00 OK

Check Details

Version: 0.1.3
Check: compiled code
Result: NOTE
    File ‘fractional/libs/fractional.so’:
     Found no calls to: ‘R_registerRoutines’, ‘R_useDynamicSymbols’
    
    It is good practice to register native routines and to disable symbol
    search.
    
    See ‘Writing portable packages’ in the ‘Writing R Extensions’ manual.
Flavors: r-devel-linux-x86_64-fedora-clang, r-devel-linux-x86_64-fedora-gcc