CRAN Package Check Results for Package forge

Last updated on 2022-10-01 13:51:31 CEST.

Flavor Version Tinstall Tcheck Ttotal Status Flags
r-devel-linux-x86_64-debian-clang 0.2.0 1.91 30.97 32.88 NOTE
r-devel-linux-x86_64-debian-gcc 0.2.0 1.86 24.38 26.24 NOTE
r-devel-linux-x86_64-fedora-clang 0.2.0 53.83 NOTE
r-devel-linux-x86_64-fedora-gcc 0.2.0 52.78 NOTE
r-devel-windows-x86_64 0.2.0 10.00 63.00 73.00 NOTE
r-patched-linux-x86_64 0.2.0 2.55 30.17 32.72 NOTE
r-release-linux-x86_64 0.2.0 2.73 29.80 32.53 NOTE
r-release-macos-arm64 0.2.0 17.00 NOTE
r-release-macos-x86_64 0.2.0 27.00 NOTE
r-release-windows-x86_64 0.2.0 12.00 54.00 66.00 NOTE
r-oldrel-macos-arm64 0.2.0 19.00 NOTE
r-oldrel-macos-x86_64 0.2.0 29.00 NOTE
r-oldrel-windows-ix86+x86_64 0.2.0 7.00 54.00 61.00 NOTE

Check Details

Version: 0.2.0
Check: LazyData
Result: NOTE
     'LazyData' is specified without a 'data' directory
Flavors: r-devel-linux-x86_64-debian-clang, r-devel-linux-x86_64-debian-gcc, r-devel-linux-x86_64-fedora-clang, r-devel-linux-x86_64-fedora-gcc, r-devel-windows-x86_64, r-patched-linux-x86_64, r-release-linux-x86_64, r-release-macos-arm64, r-release-macos-x86_64, r-release-windows-x86_64, r-oldrel-macos-arm64, r-oldrel-macos-x86_64, r-oldrel-windows-ix86+x86_64