CRAN Package Check Results for Package forestr

Last updated on 2022-08-14 18:49:13 CEST.

Flavor Version Tinstall Tcheck Ttotal Status Flags
r-devel-linux-x86_64-debian-clang 2.0.2 4.72 41.00 45.72 OK
r-devel-linux-x86_64-debian-gcc 2.0.2 3.45 31.22 34.67 OK
r-devel-linux-x86_64-fedora-clang 2.0.2 63.93 NOTE
r-devel-linux-x86_64-fedora-gcc 2.0.2 61.37 NOTE
r-devel-windows-x86_64 2.0.2 8.00 67.00 75.00 OK
r-patched-linux-x86_64 2.0.2 4.49 38.53 43.02 OK
r-release-linux-x86_64 2.0.2 4.35 39.27 43.62 OK
r-release-macos-arm64 2.0.2 22.00 NOTE
r-release-macos-x86_64 2.0.2 41.00 NOTE
r-release-windows-x86_64 2.0.2 33.00 71.00 104.00 OK
r-oldrel-macos-arm64 2.0.2 27.00 NOTE
r-oldrel-macos-x86_64 2.0.2 30.00 NOTE
r-oldrel-windows-ix86+x86_64 2.0.2 10.00 60.00 70.00 OK

Check Details

Version: 2.0.2
Check: dependencies in R code
Result: NOTE
    Namespaces in Imports field not imported from:
     ‘tibble’ ‘viridis’
     All declared Imports should be used.
Flavors: r-devel-linux-x86_64-fedora-clang, r-devel-linux-x86_64-fedora-gcc, r-release-macos-arm64, r-release-macos-x86_64, r-oldrel-macos-arm64, r-oldrel-macos-x86_64