CRAN Package Check Results for Package forestecology

Last updated on 2024-06-13 00:55:14 CEST.

Flavor Version Tinstall Tcheck Ttotal Status Flags
r-devel-linux-x86_64-debian-clang 0.2.0 13.45 119.92 133.37 NOTE
r-devel-linux-x86_64-debian-gcc 0.2.0 0.46 1.76 2.22 ERROR
r-devel-linux-x86_64-fedora-clang 0.2.0 165.27 NOTE
r-devel-linux-x86_64-fedora-gcc 0.2.0 177.48 NOTE
r-devel-windows-x86_64 0.2.0 12.00 107.00 119.00 NOTE
r-patched-linux-x86_64 0.2.0 12.57 112.86 125.43 NOTE
r-release-linux-x86_64 0.2.0 9.84 105.70 115.54 NOTE
r-release-macos-arm64 0.2.0 59.00 NOTE
r-release-macos-x86_64 0.2.0 87.00 NOTE
r-release-windows-x86_64 0.2.0 13.00 107.00 120.00 NOTE
r-oldrel-macos-arm64 0.2.0 54.00 NOTE
r-oldrel-macos-x86_64 0.2.0 89.00 NOTE
r-oldrel-windows-x86_64 0.2.0 15.00 126.00 141.00 NOTE

Check Details

Version: 0.2.0
Check: package subdirectories
Result: NOTE Problems with news in ‘NEWS.md’: Cannot extract version info from the following section titles: Previous versions (not tagged nor released) Flavors: r-devel-linux-x86_64-debian-clang, r-devel-linux-x86_64-fedora-clang, r-devel-linux-x86_64-fedora-gcc, r-devel-windows-x86_64, r-patched-linux-x86_64, r-release-linux-x86_64, r-release-macos-arm64, r-release-macos-x86_64, r-release-windows-x86_64, r-oldrel-macos-arm64, r-oldrel-macos-x86_64, r-oldrel-windows-x86_64

Version: 0.2.0
Check: Rd files
Result: NOTE checkRd: (-1) species_bw.Rd:23: Lost braces 23 | between trees." \doi{10.1371/journal.pone.0229930}{PLOS One 15: e0229930}. | ^ Flavors: r-devel-linux-x86_64-debian-clang, r-devel-linux-x86_64-fedora-clang, r-devel-linux-x86_64-fedora-gcc, r-devel-windows-x86_64, r-patched-linux-x86_64, r-release-linux-x86_64, r-release-macos-arm64, r-release-macos-x86_64, r-release-windows-x86_64

Version: 0.2.0
Check: package dependencies
Result: ERROR Packages required but not available: 'ggplot2', 'stringr', 'dplyr', 'tidyr', 'purrr', 'ggridges', 'snakecase', 'tibble', 'yardstick', 'forcats', 'patchwork' Package suggested but not available for checking: ‘testthat’ See section ‘The DESCRIPTION file’ in the ‘Writing R Extensions’ manual. Flavor: r-devel-linux-x86_64-debian-gcc

Version: 0.2.0
Check: dependencies in R code
Result: NOTE Namespaces in Imports field not imported from: ‘blockCV’ ‘patchwork’ All declared Imports should be used. Flavors: r-devel-linux-x86_64-fedora-clang, r-devel-linux-x86_64-fedora-gcc