CRAN Package Check Results for Package footprint

Last updated on 2021-04-09 19:49:26 CEST.

Flavor Version Tinstall Tcheck Ttotal Status Flags
r-devel-linux-x86_64-debian-clang 0.1 3.60 47.04 50.64 NOTE
r-devel-linux-x86_64-debian-gcc 0.1 2.90 35.59 38.49 NOTE
r-devel-linux-x86_64-fedora-clang 0.1 69.11 NOTE
r-devel-linux-x86_64-fedora-gcc 0.1 62.33 NOTE
r-devel-windows-ix86+x86_64 0.1 8.00 49.00 57.00 NOTE
r-devel-windows-x86_64-gcc10-UCRT 0.1 NOTE
r-patched-linux-x86_64 0.1 3.31 44.27 47.58 OK
r-patched-solaris-x86 0.1 89.00 OK
r-release-linux-x86_64 0.1 OK
r-release-macos-x86_64 0.1 OK
r-release-windows-ix86+x86_64 0.1 17.00 66.00 83.00 OK
r-oldrel-macos-x86_64 0.1 OK
r-oldrel-windows-ix86+x86_64 0.1 8.00 62.00 70.00 OK

Check Details

Version: 0.1
Check: LazyData
Result: NOTE
     'LazyData' is specified without a 'data' directory
Flavors: r-devel-linux-x86_64-debian-clang, r-devel-linux-x86_64-debian-gcc, r-devel-linux-x86_64-fedora-clang, r-devel-linux-x86_64-fedora-gcc, r-devel-windows-ix86+x86_64, r-devel-windows-x86_64-gcc10-UCRT