CRAN Package Check Results for Package foolbox

Last updated on 2022-10-06 06:49:34 CEST.

Flavor Version Tinstall Tcheck Ttotal Status Flags
r-devel-linux-x86_64-debian-clang 0.1.1 3.43 67.10 70.53 NOTE
r-devel-linux-x86_64-debian-gcc 0.1.1 2.36 47.56 49.92 NOTE
r-devel-linux-x86_64-fedora-clang 0.1.1 98.95 NOTE
r-devel-linux-x86_64-fedora-gcc 0.1.1 101.51 NOTE
r-devel-windows-x86_64 0.1.1 30.00 101.00 131.00 NOTE
r-patched-linux-x86_64 0.1.1 2.84 64.00 66.84 NOTE
r-release-linux-x86_64 0.1.1 2.52 64.49 67.01 NOTE
r-release-macos-arm64 0.1.1 30.00 NOTE
r-release-macos-x86_64 0.1.1 52.00 NOTE
r-release-windows-x86_64 0.1.1 26.00 99.00 125.00 NOTE
r-oldrel-macos-arm64 0.1.1 33.00 NOTE
r-oldrel-macos-x86_64 0.1.1 49.00 NOTE
r-oldrel-windows-ix86+x86_64 0.1.1 7.00 96.00 103.00 NOTE

Check Details

Version: 0.1.1
Check: LazyData
Result: NOTE
     'LazyData' is specified without a 'data' directory
Flavors: r-devel-linux-x86_64-debian-clang, r-devel-linux-x86_64-debian-gcc, r-devel-linux-x86_64-fedora-clang, r-devel-linux-x86_64-fedora-gcc, r-devel-windows-x86_64, r-patched-linux-x86_64, r-release-linux-x86_64, r-release-macos-arm64, r-release-macos-x86_64, r-release-windows-x86_64, r-oldrel-macos-arm64, r-oldrel-macos-x86_64, r-oldrel-windows-ix86+x86_64