CRAN Package Check Results for Package focusedMDS

Last updated on 2024-06-19 00:49:28 CEST.

Flavor Version Tinstall Tcheck Ttotal Status Flags
r-devel-linux-x86_64-debian-clang 1.3.3 3.11 27.74 30.85 NOTE
r-devel-linux-x86_64-debian-gcc 1.3.3 2.57 21.71 24.28 NOTE
r-devel-linux-x86_64-fedora-clang 1.3.3 39.84 NOTE
r-devel-linux-x86_64-fedora-gcc 1.3.3 37.54 NOTE
r-devel-windows-x86_64 1.3.3 5.00 42.00 47.00 NOTE
r-patched-linux-x86_64 1.3.3 2.76 27.46 30.22 NOTE
r-release-linux-x86_64 1.3.3 2.38 27.31 29.69 NOTE
r-release-macos-arm64 1.3.3 15.00 NOTE
r-release-macos-x86_64 1.3.3 24.00 NOTE
r-release-windows-x86_64 1.3.3 5.00 43.00 48.00 NOTE
r-oldrel-macos-arm64 1.3.3 19.00 NOTE
r-oldrel-macos-x86_64 1.3.3 24.00 NOTE
r-oldrel-windows-x86_64 1.3.3 5.00 45.00 50.00 NOTE

Check Details

Version: 1.3.3
Check: LazyData
Result: NOTE 'LazyData' is specified without a 'data' directory Flavors: r-devel-linux-x86_64-debian-clang, r-devel-linux-x86_64-debian-gcc, r-devel-linux-x86_64-fedora-clang, r-devel-linux-x86_64-fedora-gcc, r-devel-windows-x86_64, r-patched-linux-x86_64, r-release-linux-x86_64, r-release-macos-arm64, r-release-macos-x86_64, r-release-windows-x86_64, r-oldrel-macos-arm64, r-oldrel-macos-x86_64, r-oldrel-windows-x86_64