CRAN Package Check Results for Package fmdates

Last updated on 2023-01-29 12:55:28 CET.

Flavor Version Tinstall Tcheck Ttotal Status Flags
r-devel-linux-x86_64-debian-clang 0.1.4 7.43 58.11 65.54 NOTE
r-devel-linux-x86_64-debian-gcc 0.1.4 5.62 44.54 50.16 NOTE
r-devel-linux-x86_64-fedora-clang 0.1.4 79.92 NOTE
r-devel-linux-x86_64-fedora-gcc 0.1.4 89.73 NOTE
r-devel-windows-x86_64 0.1.4 32.00 96.00 128.00 NOTE
r-patched-linux-x86_64 0.1.4 9.01 54.78 63.79 NOTE
r-release-linux-x86_64 0.1.4 6.81 56.37 63.18 NOTE
r-release-macos-arm64 0.1.4 24.00 NOTE
r-release-macos-x86_64 0.1.4 37.00 NOTE
r-release-windows-x86_64 0.1.4 30.00 85.00 115.00 NOTE
r-oldrel-macos-arm64 0.1.4 29.00 NOTE
r-oldrel-macos-x86_64 0.1.4 44.00 NOTE
r-oldrel-windows-ix86+x86_64 0.1.4 12.00 80.00 92.00 NOTE

Check Details

Version: 0.1.4
Check: LazyData
Result: NOTE
     'LazyData' is specified without a 'data' directory
Flavors: r-devel-linux-x86_64-debian-clang, r-devel-linux-x86_64-debian-gcc, r-devel-linux-x86_64-fedora-clang, r-devel-linux-x86_64-fedora-gcc, r-devel-windows-x86_64, r-patched-linux-x86_64, r-release-linux-x86_64, r-release-macos-arm64, r-release-macos-x86_64, r-release-windows-x86_64, r-oldrel-macos-arm64, r-oldrel-macos-x86_64, r-oldrel-windows-ix86+x86_64