CRAN Package Check Results for Package fmbasics

Last updated on 2024-06-19 12:27:09 CEST.

Flavor Version Tinstall Tcheck Ttotal Status Flags
r-devel-linux-x86_64-debian-clang 0.3.0 8.13 75.57 83.70 NOTE
r-devel-linux-x86_64-debian-gcc 0.3.0 6.53 56.69 63.22 NOTE
r-devel-linux-x86_64-fedora-clang 0.3.0 108.23 NOTE
r-devel-linux-x86_64-fedora-gcc 0.3.0 111.18 NOTE
r-devel-windows-x86_64 0.3.0 7.00 80.00 87.00 NOTE
r-patched-linux-x86_64 0.3.0 13.10 72.32 85.42 NOTE
r-release-linux-x86_64 0.3.0 6.82 73.94 80.76 NOTE
r-release-macos-arm64 0.3.0 38.00 NOTE
r-release-macos-x86_64 0.3.0 59.00 NOTE
r-release-windows-x86_64 0.3.0 7.00 90.00 97.00 NOTE
r-oldrel-macos-arm64 0.3.0 36.00 NOTE
r-oldrel-macos-x86_64 0.3.0 59.00 NOTE
r-oldrel-windows-x86_64 0.3.0 10.00 95.00 105.00 NOTE

Check Details

Version: 0.3.0
Check: LazyData
Result: NOTE 'LazyData' is specified without a 'data' directory Flavors: r-devel-linux-x86_64-debian-clang, r-devel-linux-x86_64-debian-gcc, r-devel-linux-x86_64-fedora-clang, r-devel-linux-x86_64-fedora-gcc, r-devel-windows-x86_64, r-patched-linux-x86_64, r-release-linux-x86_64, r-release-macos-arm64, r-release-macos-x86_64, r-release-windows-x86_64, r-oldrel-macos-arm64, r-oldrel-macos-x86_64, r-oldrel-windows-x86_64