CRAN Package Check Results for Package fmbasics

Last updated on 2023-01-30 00:31:11 CET.

Flavor Version Tinstall Tcheck Ttotal Status Flags
r-devel-linux-x86_64-debian-clang 0.3.0 7.96 72.33 80.29 NOTE
r-devel-linux-x86_64-debian-gcc 0.3.0 6.22 54.26 60.48 NOTE
r-devel-linux-x86_64-fedora-clang 0.3.0 98.11 NOTE
r-devel-linux-x86_64-fedora-gcc 0.3.0 106.21 NOTE
r-devel-windows-x86_64 0.3.0 39.00 122.00 161.00 NOTE
r-patched-linux-x86_64 0.3.0 13.19 67.56 80.75 NOTE
r-release-linux-x86_64 0.3.0 8.31 67.04 75.35 NOTE
r-release-macos-arm64 0.3.0 27.00 NOTE
r-release-macos-x86_64 0.3.0 43.00 NOTE
r-release-windows-x86_64 0.3.0 49.00 103.00 152.00 NOTE
r-oldrel-macos-arm64 0.3.0 35.00 NOTE
r-oldrel-macos-x86_64 0.3.0 51.00 NOTE
r-oldrel-windows-ix86+x86_64 0.3.0 15.00 98.00 113.00 NOTE

Check Details

Version: 0.3.0
Check: LazyData
Result: NOTE
     'LazyData' is specified without a 'data' directory
Flavors: r-devel-linux-x86_64-debian-clang, r-devel-linux-x86_64-debian-gcc, r-devel-linux-x86_64-fedora-clang, r-devel-linux-x86_64-fedora-gcc, r-devel-windows-x86_64, r-patched-linux-x86_64, r-release-linux-x86_64, r-release-macos-arm64, r-release-macos-x86_64, r-release-windows-x86_64, r-oldrel-macos-arm64, r-oldrel-macos-x86_64, r-oldrel-windows-ix86+x86_64