CRAN Package Check Results for Package flux

Last updated on 2022-12-04 06:49:17 CET.

Flavor Version Tinstall Tcheck Ttotal Status Flags
r-devel-linux-x86_64-debian-clang 0.3-0.1 5.81 55.98 61.79 NOTE
r-devel-linux-x86_64-debian-gcc 0.3-0.1 5.65 43.13 48.78 NOTE
r-devel-linux-x86_64-fedora-clang 0.3-0.1 87.47 NOTE
r-devel-linux-x86_64-fedora-gcc 0.3-0.1 84.79 NOTE
r-devel-windows-x86_64 0.3-0.1 26.00 89.00 115.00 OK
r-patched-linux-x86_64 0.3-0.1 8.35 51.26 59.61 NOTE
r-release-linux-x86_64 0.3-0.1 5.31 52.53 57.84 NOTE
r-release-macos-arm64 0.3-0.1 27.00 OK
r-release-macos-x86_64 0.3-0.1 34.00 OK
r-release-windows-x86_64 0.3-0.1 25.00 85.00 110.00 OK
r-oldrel-macos-arm64 0.3-0.1 27.00 OK
r-oldrel-macos-x86_64 0.3-0.1 37.00 OK
r-oldrel-windows-ix86+x86_64 0.3-0.1 11.00 74.00 85.00 OK

Check Details

Version: 0.3-0.1
Check: for non-standard things in the check directory
Result: NOTE
    Found the following files/directories:
     'flux.CH4.txt'
Flavors: r-devel-linux-x86_64-debian-clang, r-devel-linux-x86_64-debian-gcc, r-devel-linux-x86_64-fedora-clang, r-devel-linux-x86_64-fedora-gcc, r-patched-linux-x86_64, r-release-linux-x86_64

Version: 0.3-0.1
Check: Rd cross-references
Result: NOTE
    Undeclared package ‘HMR’ in Rd xrefs
Flavor: r-devel-linux-x86_64-fedora-clang