Last updated on 2023-09-30 00:56:05 CEST.
Flavor | Version | Tinstall | Tcheck | Ttotal | Status | Flags |
---|---|---|---|---|---|---|
r-devel-linux-x86_64-debian-clang | 0.3-0.1 | 5.96 | 56.39 | 62.35 | NOTE | |
r-devel-linux-x86_64-debian-gcc | 0.3-0.1 | 4.82 | 42.94 | 47.76 | NOTE | |
r-devel-linux-x86_64-fedora-clang | 0.3-0.1 | 76.49 | NOTE | |||
r-devel-linux-x86_64-fedora-gcc | 0.3-0.1 | 75.13 | NOTE | |||
r-devel-windows-x86_64 | 0.3-0.1 | 6.00 | 68.00 | 74.00 | OK | |
r-patched-linux-x86_64 | 0.3-0.1 | 7.36 | 55.62 | 62.98 | NOTE | |
r-release-linux-x86_64 | 0.3-0.1 | 7.54 | 55.01 | 62.55 | NOTE | |
r-release-macos-arm64 | 0.3-0.1 | 25.00 | OK | |||
r-release-macos-x86_64 | 0.3-0.1 | 38.00 | OK | |||
r-release-windows-x86_64 | 0.3-0.1 | 9.00 | 73.00 | 82.00 | OK | |
r-oldrel-macos-arm64 | 0.3-0.1 | 26.00 | OK | |||
r-oldrel-macos-x86_64 | 0.3-0.1 | 34.00 | OK | |||
r-oldrel-windows-x86_64 | 0.3-0.1 | 9.00 | 71.00 | 80.00 | OK |
Version: 0.3-0.1
Check: for non-standard things in the check directory
Result: NOTE
Found the following files/directories:
‘flux.CH4.txt’
Flavors: r-devel-linux-x86_64-debian-clang, r-devel-linux-x86_64-debian-gcc, r-devel-linux-x86_64-fedora-clang, r-devel-linux-x86_64-fedora-gcc, r-patched-linux-x86_64, r-release-linux-x86_64
Version: 0.3-0.1
Check: Rd cross-references
Result: NOTE
Undeclared package ‘HMR’ in Rd xrefs
Flavor: r-devel-linux-x86_64-fedora-clang