CRAN Package Check Results for Package flock

Last updated on 2020-05-24 22:48:04 CEST.

Flavor Version Tinstall Tcheck Ttotal Status Flags
r-devel-linux-x86_64-debian-clang 0.7 16.30 23.14 39.44 OK
r-devel-linux-x86_64-debian-gcc 0.7 11.76 18.84 30.60 OK
r-devel-linux-x86_64-fedora-clang 0.7 54.32 NOTE
r-devel-linux-x86_64-fedora-gcc 0.7 49.61 NOTE
r-devel-windows-ix86+x86_64 0.7 49.00 69.00 118.00 OK
r-patched-linux-x86_64 0.7 15.08 23.25 38.33 OK
r-patched-solaris-x86 0.7 65.50 OK
r-release-linux-x86_64 0.7 13.11 23.25 36.36 OK
r-release-osx-x86_64 0.7 OK
r-release-windows-ix86+x86_64 0.7 37.00 69.00 106.00 OK
r-oldrel-osx-x86_64 0.7 OK
r-oldrel-windows-ix86+x86_64 0.7 41.00 69.00 110.00 OK

Check Details

Version: 0.7
Check: compiled code
Result: NOTE
    File ‘flock/libs/flock.so’:
     Found no calls to: ‘R_registerRoutines’, ‘R_useDynamicSymbols’
    
    It is good practice to register native routines and to disable symbol
    search.
    
    See ‘Writing portable packages’ in the ‘Writing R Extensions’ manual.
Flavors: r-devel-linux-x86_64-fedora-clang, r-devel-linux-x86_64-fedora-gcc