CRAN Package Check Results for Package flifo

Last updated on 2024-06-22 12:48:26 CEST.

Flavor Version Tinstall Tcheck Ttotal Status Flags
r-devel-linux-x86_64-debian-clang 0.1.5 3.09 40.78 43.87 NOTE
r-devel-linux-x86_64-debian-gcc 0.1.5 3.19 31.72 34.91 NOTE
r-devel-linux-x86_64-fedora-clang 0.1.5 58.98 NOTE
r-devel-linux-x86_64-fedora-gcc 0.1.5 69.81 NOTE
r-devel-windows-x86_64 0.1.5 4.00 54.00 58.00 NOTE
r-patched-linux-x86_64 0.1.5 3.97 40.11 44.08 NOTE
r-release-linux-x86_64 0.1.5 3.69 40.14 43.83 NOTE
r-release-macos-arm64 0.1.5 27.00 NOTE
r-release-macos-x86_64 0.1.5 47.00 NOTE
r-release-windows-x86_64 0.1.5 5.00 54.00 59.00 NOTE
r-oldrel-macos-arm64 0.1.5 26.00 NOTE
r-oldrel-macos-x86_64 0.1.5 41.00 NOTE
r-oldrel-windows-x86_64 0.1.5 6.00 56.00 62.00 NOTE

Check Details

Version: 0.1.5
Check: LazyData
Result: NOTE 'LazyData' is specified without a 'data' directory Flavors: r-devel-linux-x86_64-debian-clang, r-devel-linux-x86_64-debian-gcc, r-devel-linux-x86_64-fedora-clang, r-devel-linux-x86_64-fedora-gcc, r-devel-windows-x86_64, r-patched-linux-x86_64, r-release-linux-x86_64, r-release-macos-arm64, r-release-macos-x86_64, r-release-windows-x86_64, r-oldrel-macos-arm64, r-oldrel-macos-x86_64, r-oldrel-windows-x86_64