CRAN Package Check Results for Package flexrsurv

Last updated on 2022-10-06 12:55:25 CEST.

Flavor Version Tinstall Tcheck Ttotal Status Flags
r-devel-linux-x86_64-debian-clang 2.0.11 55.42 252.67 308.09 OK
r-devel-linux-x86_64-debian-gcc 2.0.11 41.08 182.06 223.14 OK
r-devel-linux-x86_64-fedora-clang 2.0.11 384.57 WARN
r-devel-linux-x86_64-fedora-gcc 2.0.11 391.04 OK
r-devel-windows-x86_64 2.0.11 122.00 234.00 356.00 OK
r-patched-linux-x86_64 2.0.11 51.23 241.76 292.99 OK
r-release-linux-x86_64 2.0.11 54.05 236.62 290.67 OK
r-release-macos-arm64 2.0.11 70.00 OK
r-release-macos-x86_64 2.0.11 113.00 OK
r-release-windows-x86_64 2.0.11 207.00 229.00 436.00 OK
r-oldrel-macos-arm64 2.0.11 65.00 OK
r-oldrel-macos-x86_64 2.0.11 118.00 OK
r-oldrel-windows-ix86+x86_64 2.0.11 106.00 274.00 380.00 OK

Additional issues

clang15 clang15

Check Details

Version: 2.0.11
Check: whether package can be installed
Result: WARN
    Found the following significant warnings:
     intGL_NC.c:330:24: warning: invalid UTF-8 in comment [-Winvalid-utf8]
Flavor: r-devel-linux-x86_64-fedora-clang