CRAN Package Check Results for Package flexmet

Last updated on 2020-05-25 01:48:52 CEST.

Flavor Version Tinstall Tcheck Ttotal Status Flags
r-devel-linux-x86_64-debian-clang 1.0.0.0 3.51 47.07 50.58 NOTE
r-devel-linux-x86_64-debian-gcc 1.0.0.0 2.87 33.36 36.23 NOTE
r-devel-linux-x86_64-fedora-clang 1.0.0.0 57.37 OK
r-devel-linux-x86_64-fedora-gcc 1.0.0.0 57.52 OK
r-devel-windows-ix86+x86_64 1.0.0.0 12.00 52.00 64.00 NOTE
r-patched-linux-x86_64 1.0.0.0 3.87 45.25 49.12 NOTE
r-patched-solaris-x86 1.0.0.0 79.20 OK
r-release-linux-x86_64 1.0.0.0 3.45 46.24 49.69 NOTE
r-release-osx-x86_64 1.0.0.0 OK
r-release-windows-ix86+x86_64 1.0.0.0 8.00 68.00 76.00 NOTE
r-oldrel-osx-x86_64 1.0.0.0 OK
r-oldrel-windows-ix86+x86_64 1.0.0.0 6.00 74.00 80.00 OK

Check Details

Version: 1.0.0.0
Check: package vignettes
Result: NOTE
    Package vignette with placeholder title 'Vignette Title':
     'fmp.Rmd'
Flavors: r-devel-linux-x86_64-debian-clang, r-devel-linux-x86_64-debian-gcc, r-devel-windows-ix86+x86_64, r-patched-linux-x86_64, r-release-linux-x86_64, r-release-windows-ix86+x86_64