Last updated on 2023-02-02 00:54:43 CET.
Flavor | Version | Tinstall | Tcheck | Ttotal | Status | Flags |
---|---|---|---|---|---|---|
r-devel-linux-x86_64-debian-clang | 0.1.0 | 66.56 | 181.87 | 248.43 | NOTE | |
r-devel-linux-x86_64-debian-gcc | 0.1.0 | 52.92 | 125.37 | 178.29 | NOTE | |
r-devel-linux-x86_64-fedora-clang | 0.1.0 | 319.73 | NOTE | |||
r-devel-linux-x86_64-fedora-gcc | 0.1.0 | 325.99 | NOTE | |||
r-devel-windows-x86_64 | 0.1.0 | 103.00 | 261.00 | 364.00 | NOTE | |
r-patched-linux-x86_64 | 0.1.0 | 56.96 | 166.08 | 223.04 | OK | |
r-release-linux-x86_64 | 0.1.0 | 53.65 | 166.67 | 220.32 | OK | |
r-release-macos-arm64 | 0.1.0 | 72.00 | NOTE | |||
r-release-macos-x86_64 | 0.1.0 | 114.00 | NOTE | |||
r-release-windows-x86_64 | 0.1.0 | 105.00 | 261.00 | 366.00 | NOTE | |
r-oldrel-macos-arm64 | 0.1.0 | 77.00 | NOTE | |||
r-oldrel-macos-x86_64 | 0.1.0 | 154.00 | NOTE | |||
r-oldrel-windows-ix86+x86_64 | 0.1.0 | 172.00 | 289.00 | 461.00 | NOTE |
Version: 0.1.0
Check: C++ specification
Result: NOTE
Specified C++11: please update to current default of C++17
Flavors: r-devel-linux-x86_64-debian-clang, r-devel-linux-x86_64-debian-gcc, r-devel-linux-x86_64-fedora-clang, r-devel-linux-x86_64-fedora-gcc, r-devel-windows-x86_64
Version: 0.1.0
Check: installed package size
Result: NOTE
installed size is 5.9Mb
sub-directories of 1Mb or more:
doc 1.9Mb
help 2.3Mb
libs 1.3Mb
Flavors: r-devel-windows-x86_64, r-release-macos-arm64, r-release-macos-x86_64, r-release-windows-x86_64, r-oldrel-macos-arm64, r-oldrel-macos-x86_64, r-oldrel-windows-ix86+x86_64