CRAN Package Check Results for Package fixedpointproperty

Last updated on 2024-04-19 12:58:47 CEST.

Flavor Version Tinstall Tcheck Ttotal Status Flags
r-devel-linux-x86_64-debian-clang 1.0 12.26 92.00 104.26 OK
r-devel-linux-x86_64-debian-gcc 1.0 OK
r-devel-linux-x86_64-fedora-clang 1.0 126.75 OK
r-devel-linux-x86_64-fedora-gcc 1.0 121.60 OK
r-prerel-macos-arm64 1.0 35.00 OK
r-prerel-windows-x86_64 1.0 11.00 81.00 92.00 OK
r-patched-linux-x86_64 1.0 13.39 87.75 101.14 OK
r-release-linux-x86_64 1.0 10.07 91.29 101.36 OK
r-release-macos-arm64 1.0 45.00 OK
r-release-macos-x86_64 1.0 108.00 OK
r-release-windows-x86_64 1.0 12.00 99.00 111.00 OK
r-oldrel-macos-arm64 1.0 41.00 NOTE
r-oldrel-windows-x86_64 1.0 13.00 103.00 116.00 NOTE

Check Details

Version: 1.0
Check: S3 generic/method consistency
Result: NOTE Found the following apparent S3 methods exported but not registered: plot.fpp See section ‘Registering S3 methods’ in the ‘Writing R Extensions’ manual. Flavors: r-oldrel-macos-arm64, r-oldrel-windows-x86_64