Last updated on 2022-08-13 07:11:34 CEST.
Flavor | Version | Tinstall | Tcheck | Ttotal | Status | Flags |
---|---|---|---|---|---|---|
r-devel-linux-x86_64-debian-clang | 0.6.2 | 8.68 | 68.03 | 76.71 | NOTE | |
r-devel-linux-x86_64-debian-gcc | 0.6.2 | 7.08 | 52.72 | 59.80 | NOTE | |
r-devel-linux-x86_64-fedora-clang | 0.6.2 | 98.93 | NOTE | |||
r-devel-linux-x86_64-fedora-gcc | 0.6.2 | 97.42 | NOTE | |||
r-devel-windows-x86_64 | 0.6.2 | 210.00 | 124.00 | 334.00 | NOTE | |
r-patched-linux-x86_64 | 0.6.2 | 9.82 | 60.78 | 70.60 | NOTE | |
r-release-linux-x86_64 | 0.6.2 | 7.85 | 61.08 | 68.93 | NOTE | |
r-release-macos-arm64 | 0.6.2 | 35.00 | NOTE | |||
r-release-macos-x86_64 | 0.6.2 | 51.00 | NOTE | |||
r-release-windows-x86_64 | 0.6.2 | 154.00 | 118.00 | 272.00 | NOTE | |
r-oldrel-macos-arm64 | 0.6.2 | 56.00 | NOTE | |||
r-oldrel-macos-x86_64 | 0.6.2 | 53.00 | NOTE | |||
r-oldrel-windows-ix86+x86_64 | 0.6.2 | 17.00 | 90.00 | 107.00 | NOTE |
Version: 0.6.2
Check: package dependencies
Result: NOTE
Package suggested but not available for checking: 'fivethirtyeightdata'
Flavors: r-devel-linux-x86_64-debian-clang, r-devel-linux-x86_64-debian-gcc, r-devel-linux-x86_64-fedora-clang, r-devel-linux-x86_64-fedora-gcc, r-devel-windows-x86_64, r-patched-linux-x86_64, r-release-linux-x86_64, r-release-macos-arm64, r-release-macos-x86_64, r-release-windows-x86_64, r-oldrel-macos-arm64, r-oldrel-macos-x86_64, r-oldrel-windows-ix86+x86_64
Version: 0.6.2
Check: Rd cross-references
Result: NOTE
Package unavailable to check Rd xrefs: 'fivethirtyeightdata'
Flavors: r-devel-linux-x86_64-debian-clang, r-devel-linux-x86_64-debian-gcc, r-devel-linux-x86_64-fedora-clang, r-devel-linux-x86_64-fedora-gcc, r-devel-windows-x86_64, r-patched-linux-x86_64, r-release-linux-x86_64, r-release-macos-arm64, r-release-macos-x86_64, r-release-windows-x86_64, r-oldrel-macos-arm64, r-oldrel-macos-x86_64, r-oldrel-windows-ix86+x86_64
Version: 0.6.2
Check: installed package size
Result: NOTE
installed size is 5.0Mb
sub-directories of 1Mb or more:
data 3.8Mb
Flavors: r-devel-linux-x86_64-fedora-clang, r-devel-windows-x86_64, r-release-windows-x86_64
Version: 0.6.2
Check: data for non-ASCII characters
Result: NOTE
Note: found 584 marked UTF-8 strings
Flavors: r-devel-linux-x86_64-fedora-clang, r-devel-linux-x86_64-fedora-gcc, r-release-macos-arm64, r-release-macos-x86_64, r-oldrel-macos-arm64, r-oldrel-macos-x86_64