Last updated on 2025-01-18 12:55:00 CET.
Flavor | Version | Tinstall | Tcheck | Ttotal | Status | Flags |
---|---|---|---|---|---|---|
r-devel-linux-x86_64-debian-clang | 0.6.2 | 5.58 | 74.12 | 79.70 | OK | |
r-devel-linux-x86_64-debian-gcc | 0.6.2 | 4.08 | 56.13 | 60.21 | OK | |
r-devel-linux-x86_64-fedora-clang | 0.6.2 | 134.00 | NOTE | |||
r-devel-linux-x86_64-fedora-gcc | 0.6.2 | 141.44 | NOTE | |||
r-devel-windows-x86_64 | 0.6.2 | 9.00 | 95.00 | 104.00 | OK | |
r-patched-linux-x86_64 | 0.6.2 | 5.33 | 69.84 | 75.17 | OK | |
r-release-linux-x86_64 | 0.6.2 | 4.83 | 69.23 | 74.06 | OK | |
r-release-macos-arm64 | 0.6.2 | 42.00 | OK | |||
r-release-macos-x86_64 | 0.6.2 | 76.00 | OK | |||
r-release-windows-x86_64 | 0.6.2 | 9.00 | 99.00 | 108.00 | OK | |
r-oldrel-macos-arm64 | 0.6.2 | 50.00 | OK | |||
r-oldrel-macos-x86_64 | 0.6.2 | 70.00 | OK | |||
r-oldrel-windows-x86_64 | 0.6.2 | 10.00 | 112.00 | 122.00 | OK |
Version: 0.6.2
Check: dependencies in R code
Result: NOTE
Namespace in Imports field not imported from: ‘rstudioapi’
All declared Imports should be used.
Flavors: r-devel-linux-x86_64-fedora-clang, r-devel-linux-x86_64-fedora-gcc