CRAN Package Check Results for Package fitur

Last updated on 2020-09-21 19:58:59 CEST.

Flavor Version Tinstall Tcheck Ttotal Status Flags
r-devel-linux-x86_64-debian-clang 0.6.1 8.80 103.16 111.96 OK
r-devel-linux-x86_64-debian-gcc 0.6.1 8.49 77.82 86.31 OK
r-devel-linux-x86_64-fedora-clang 0.6.1 146.60 NOTE
r-devel-linux-x86_64-fedora-gcc 0.6.1 139.17 NOTE
r-devel-windows-ix86+x86_64 0.6.1 27.00 112.00 139.00 OK
r-patched-linux-x86_64 0.6.1 8.96 98.99 107.95 OK
r-patched-solaris-x86 0.6.1 201.80 NOTE
r-release-linux-x86_64 0.6.1 8.75 99.76 108.51 OK
r-release-macos-x86_64 0.6.1 NOTE
r-release-windows-ix86+x86_64 0.6.1 25.00 147.00 172.00 OK
r-oldrel-macos-x86_64 0.6.1 NOTE
r-oldrel-windows-ix86+x86_64 0.6.1 15.00 125.00 140.00 OK

Check Details

Version: 0.6.1
Check: dependencies in R code
Result: NOTE
    Namespace in Imports field not imported from: ‘rstudioapi’
     All declared Imports should be used.
Flavors: r-devel-linux-x86_64-fedora-clang, r-devel-linux-x86_64-fedora-gcc, r-patched-solaris-x86, r-release-macos-x86_64, r-oldrel-macos-x86_64