CRAN Package Check Results for Package fishMod

Last updated on 2020-12-04 19:48:29 CET.

Flavor Version Tinstall Tcheck Ttotal Status Flags
r-devel-linux-x86_64-debian-clang 0.29 5.96 26.90 32.86 OK
r-devel-linux-x86_64-debian-gcc 0.29 4.26 20.77 25.03 OK
r-devel-linux-x86_64-fedora-clang 0.29 45.65 NOTE
r-devel-linux-x86_64-fedora-gcc 0.29 34.56 NOTE
r-devel-windows-ix86+x86_64 0.29 11.00 45.00 56.00 OK
r-patched-linux-x86_64 0.29 5.60 25.67 31.27 OK
r-patched-solaris-x86 0.29 50.70 OK
r-release-linux-x86_64 0.29 5.61 24.35 29.96 OK
r-release-macos-x86_64 0.29 OK
r-release-windows-ix86+x86_64 0.29 12.00 39.00 51.00 OK
r-oldrel-macos-x86_64 0.29 OK
r-oldrel-windows-ix86+x86_64 0.29 13.00 62.00 75.00 OK

Check Details

Version: 0.29
Check: compiled code
Result: NOTE
    File ‘fishMod/libs/fishMod.so’:
     Found no calls to: ‘R_registerRoutines’, ‘R_useDynamicSymbols’
    
    It is good practice to register native routines and to disable symbol
    search.
    
    See ‘Writing portable packages’ in the ‘Writing R Extensions’ manual.
Flavors: r-devel-linux-x86_64-fedora-clang, r-devel-linux-x86_64-fedora-gcc