CRAN Package Check Results for Package fingerPro

Last updated on 2020-05-28 07:47:56 CEST.

Flavor Version Tinstall Tcheck Ttotal Status Flags
r-devel-linux-x86_64-debian-clang 1.1 35.30 131.95 167.25 OK
r-devel-linux-x86_64-debian-gcc 1.1 32.04 100.79 132.83 OK
r-devel-linux-x86_64-fedora-clang 1.1 219.51 NOTE
r-devel-linux-x86_64-fedora-gcc 1.1 208.74 NOTE
r-devel-windows-ix86+x86_64 1.1 124.00 271.00 395.00 OK
r-patched-linux-x86_64 1.1 34.18 127.37 161.55 OK
r-patched-solaris-x86 1.1 321.90 NOTE
r-release-linux-x86_64 1.1 32.48 128.65 161.13 OK
r-release-osx-x86_64 1.1 NOTE
r-release-windows-ix86+x86_64 1.1 100.00 276.00 376.00 OK
r-oldrel-osx-x86_64 1.1 WARN
r-oldrel-windows-ix86+x86_64 1.1 65.00 184.00 249.00 OK

Check Details

Version: 1.1
Check: dependencies in R code
Result: NOTE
    Namespace in Imports field not imported from: ‘RcppProgress’
     All declared Imports should be used.
Flavors: r-devel-linux-x86_64-fedora-clang, r-devel-linux-x86_64-fedora-gcc, r-patched-solaris-x86, r-release-osx-x86_64, r-oldrel-osx-x86_64

Version: 1.1
Check: whether package can be installed
Result: WARN
    Found the following significant warnings:
     Warning: 'rgl_init' failed, running with rgl.useNULL = TRUE
Flavor: r-oldrel-osx-x86_64