CRAN Package Check Results for Package finch

Last updated on 2020-05-28 07:47:55 CEST.

Flavor Version Tinstall Tcheck Ttotal Status Flags
r-devel-linux-x86_64-debian-clang 0.3.0 8.54 69.99 78.53 OK
r-devel-linux-x86_64-debian-gcc 0.3.0 6.86 52.46 59.32 OK
r-devel-linux-x86_64-fedora-clang 0.3.0 83.17 NOTE
r-devel-linux-x86_64-fedora-gcc 0.3.0 72.82 NOTE
r-devel-windows-ix86+x86_64 0.3.0 29.00 109.00 138.00 OK
r-patched-linux-x86_64 0.3.0 8.98 67.82 76.80 OK
r-patched-solaris-x86 0.3.0 102.10 NOTE
r-release-linux-x86_64 0.3.0 9.59 67.62 77.21 OK
r-release-osx-x86_64 0.3.0 NOTE
r-release-windows-ix86+x86_64 0.3.0 18.00 107.00 125.00 OK
r-oldrel-osx-x86_64 0.3.0 ERROR
r-oldrel-windows-ix86+x86_64 0.3.0 16.00 75.00 91.00 OK

Check Details

Version: 0.3.0
Check: dependencies in R code
Result: NOTE
    Namespace in Imports field not imported from: ‘rappdirs’
     All declared Imports should be used.
Flavors: r-devel-linux-x86_64-fedora-clang, r-devel-linux-x86_64-fedora-gcc, r-patched-solaris-x86, r-release-osx-x86_64

Version: 0.3.0
Check: package dependencies
Result: ERROR
    Package required and available but unsuitable version: ‘EML’
    
    See section ‘The DESCRIPTION file’ in the ‘Writing R Extensions’
    manual.
Flavor: r-oldrel-osx-x86_64