CRAN Package Check Results for Package fiery

Last updated on 2022-10-05 21:53:33 CEST.

Flavor Version Tinstall Tcheck Ttotal Status Flags
r-devel-linux-x86_64-debian-clang 1.1.4 11.47 58.03 69.50 OK
r-devel-linux-x86_64-debian-gcc 1.1.4 9.40 44.05 53.45 OK
r-devel-linux-x86_64-fedora-clang 1.1.4 99.38 OK
r-devel-linux-x86_64-fedora-gcc 1.1.4 103.13 OK
r-devel-windows-x86_64 1.1.4 16.00 118.00 134.00 OK
r-patched-linux-x86_64 1.1.4 11.91 55.36 67.27 OK
r-release-linux-x86_64 1.1.4 10.84 55.03 65.87 OK
r-release-macos-arm64 1.1.4 58.00 OK
r-release-macos-x86_64 1.1.4 68.00 OK
r-release-windows-x86_64 1.1.4 19.00 115.00 134.00 OK
r-oldrel-macos-arm64 1.1.4 70.00 OK
r-oldrel-macos-x86_64 1.1.4 72.00 OK
r-oldrel-windows-ix86+x86_64 1.1.4 23.00 111.00 134.00 ERROR

Check Details

Version: 1.1.4
Check: tests
Result: ERROR
     Running 'testthat.R' [31s]
    Running the tests in 'tests/testthat.R' failed.
    Complete output:
     > library(testthat)
     > library(fiery)
     >
     > test_check("fiery")
     createTcpServer: permission denied
    
     [ FAIL 1 | WARN 0 | SKIP 2 | PASS 252 ]
    
     == Skipped tests ===============================================================
     * On CRAN (1)
     * On Windows (1)
    
     == Failed tests ================================================================
     -- Error (test-Fire.R:300:5): errors in start and resume gets caught -----------
     Error in `initialize(...)`: Failed to create server
     Backtrace:
     x
     1. +-testthat::expect_output(...) at test-Fire.R:300:4
     2. | \-testthat:::quasi_capture(...)
     3. | +-testthat (local) .capture(...)
     4. | | \-testthat::capture_output_lines(code, print, width = width)
     5. | | \-testthat:::eval_with_output(code, print = print, width = width)
     6. | | +-withr::with_output_sink(path, withVisible(code))
     7. | | | \-base::force(code)
     8. | | \-base::withVisible(code)
     9. | \-rlang::eval_bare(quo_get_expr(.quo), quo_get_env(.quo))
     10. \-app$reignite(silent = TRUE, block = FALSE) at test-Fire.R:301:8
     11. \-private$run(...)
     12. \-private$run_allowing_server(showcase = showcase)
     13. \-httpuv::startDaemonizedServer(...)
     14. \-WebServer$new(host, port, app, quiet)
     15. \-httpuv (local) initialize(...)
    
     [ FAIL 1 | WARN 0 | SKIP 2 | PASS 252 ]
     Error: Test failures
     Execution halted
Flavor: r-oldrel-windows-ix86+x86_64