CRAN Package Check Results for Package fgeo.analyze

Last updated on 2022-08-09 19:06:30 CEST.

Flavor Version Tinstall Tcheck Ttotal Status Flags
r-devel-linux-x86_64-debian-clang 1.1.14 7.50 136.80 144.30 NOTE
r-devel-linux-x86_64-debian-gcc 1.1.14 5.98 99.99 105.97 NOTE
r-devel-linux-x86_64-fedora-clang 1.1.14 178.46 NOTE
r-devel-linux-x86_64-fedora-gcc 1.1.14 173.82 NOTE
r-devel-windows-x86_64 1.1.14 60.00 166.00 226.00 NOTE
r-patched-linux-x86_64 1.1.14 9.57 129.63 139.20 NOTE
r-release-linux-x86_64 1.1.14 NOTE
r-release-macos-arm64 1.1.14 43.00 NOTE
r-release-macos-x86_64 1.1.14 87.00 NOTE
r-release-windows-x86_64 1.1.14 72.00 159.00 231.00 NOTE
r-oldrel-macos-arm64 1.1.14 54.00 NOTE
r-oldrel-macos-x86_64 1.1.14 64.00 NOTE
r-oldrel-windows-ix86+x86_64 1.1.14 16.00 156.00 172.00 NOTE

Check Details

Version: 1.1.14
Check: LazyData
Result: NOTE
     'LazyData' is specified without a 'data' directory
Flavors: r-devel-linux-x86_64-debian-clang, r-devel-linux-x86_64-debian-gcc, r-devel-linux-x86_64-fedora-clang, r-devel-linux-x86_64-fedora-gcc, r-devel-windows-x86_64, r-patched-linux-x86_64, r-release-linux-x86_64, r-release-macos-arm64, r-release-macos-x86_64, r-release-windows-x86_64, r-oldrel-macos-arm64, r-oldrel-macos-x86_64, r-oldrel-windows-ix86+x86_64