CRAN Package Check Results for Package ffmetadata

Last updated on 2022-09-28 18:48:55 CEST.

Flavor Version Tinstall Tcheck Ttotal Status Flags
r-devel-linux-x86_64-debian-clang 1.0.0 2.23 25.97 28.20 NOTE
r-devel-linux-x86_64-debian-gcc 1.0.0 1.73 20.33 22.06 NOTE
r-devel-linux-x86_64-fedora-clang 1.0.0 46.64 NOTE
r-devel-linux-x86_64-fedora-gcc 1.0.0 46.51 NOTE
r-devel-windows-x86_64 1.0.0 9.00 58.00 67.00 NOTE
r-patched-linux-x86_64 1.0.0 2.23 25.07 27.30 NOTE
r-release-linux-x86_64 1.0.0 1.95 24.87 26.82 NOTE
r-release-macos-arm64 1.0.0 23.00 NOTE
r-release-macos-x86_64 1.0.0 27.00 NOTE
r-release-windows-x86_64 1.0.0 13.00 58.00 71.00 NOTE
r-oldrel-macos-arm64 1.0.0 28.00 NOTE
r-oldrel-macos-x86_64 1.0.0 33.00 NOTE
r-oldrel-windows-ix86+x86_64 1.0.0 6.00 53.00 59.00 NOTE

Check Details

Version: 1.0.0
Check: LazyData
Result: NOTE
     'LazyData' is specified without a 'data' directory
Flavors: r-devel-linux-x86_64-debian-clang, r-devel-linux-x86_64-debian-gcc, r-devel-linux-x86_64-fedora-clang, r-devel-linux-x86_64-fedora-gcc, r-devel-windows-x86_64, r-patched-linux-x86_64, r-release-linux-x86_64, r-release-macos-arm64, r-release-macos-x86_64, r-release-windows-x86_64, r-oldrel-macos-arm64, r-oldrel-macos-x86_64, r-oldrel-windows-ix86+x86_64