CRAN Package Check Results for Package felp

Last updated on 2022-09-28 00:52:41 CEST.

Flavor Version Tinstall Tcheck Ttotal Status Flags
r-devel-linux-x86_64-debian-clang 0.2.3 1.70 34.66 36.36 NOTE
r-devel-linux-x86_64-debian-gcc 0.2.3 1.68 27.26 28.94 NOTE
r-devel-linux-x86_64-fedora-clang 0.2.3 58.13 NOTE
r-devel-linux-x86_64-fedora-gcc 0.2.3 59.10 NOTE
r-devel-windows-x86_64 0.2.3 12.00 64.00 76.00 NOTE
r-patched-linux-x86_64 0.2.3 1.49 33.27 34.76 NOTE
r-release-linux-x86_64 0.2.3 2.07 33.13 35.20 NOTE
r-release-macos-arm64 0.2.3 19.00 NOTE
r-release-macos-x86_64 0.2.3 27.00 NOTE
r-release-windows-x86_64 0.2.3 11.00 68.00 79.00 NOTE
r-oldrel-macos-arm64 0.2.3 24.00 NOTE
r-oldrel-macos-x86_64 0.2.3 32.00 NOTE
r-oldrel-windows-ix86+x86_64 0.2.3 5.00 59.00 64.00 NOTE

Check Details

Version: 0.2.3
Check: LazyData
Result: NOTE
     'LazyData' is specified without a 'data' directory
Flavors: r-devel-linux-x86_64-debian-clang, r-devel-linux-x86_64-debian-gcc, r-devel-linux-x86_64-fedora-clang, r-devel-linux-x86_64-fedora-gcc, r-devel-windows-x86_64, r-patched-linux-x86_64, r-release-linux-x86_64, r-release-macos-arm64, r-release-macos-x86_64, r-release-windows-x86_64, r-oldrel-macos-arm64, r-oldrel-macos-x86_64, r-oldrel-windows-ix86+x86_64

Version: 0.2.3
Check: dependencies in R code
Result: NOTE
    Namespaces in Imports field not imported from:
     ‘curl’ ‘prettycode’
     All declared Imports should be used.
Flavors: r-devel-linux-x86_64-fedora-clang, r-devel-linux-x86_64-fedora-gcc, r-release-macos-arm64, r-release-macos-x86_64, r-oldrel-macos-arm64, r-oldrel-macos-x86_64