CRAN Package Check Results for Package featureflag

Last updated on 2022-09-26 06:51:11 CEST.

Flavor Version Tinstall Tcheck Ttotal Status Flags
r-devel-linux-x86_64-debian-clang 0.1.0 1.75 27.22 28.97 NOTE
r-devel-linux-x86_64-debian-gcc 0.1.0 1.55 21.04 22.59 NOTE
r-devel-linux-x86_64-fedora-clang 0.1.0 49.94 NOTE
r-devel-linux-x86_64-fedora-gcc 0.1.0 48.56 NOTE
r-devel-windows-x86_64 0.1.0 15.00 60.00 75.00 NOTE
r-patched-linux-x86_64 0.1.0 1.47 25.93 27.40 NOTE
r-release-linux-x86_64 0.1.0 2.06 25.97 28.03 NOTE
r-release-macos-arm64 0.1.0 16.00 NOTE
r-release-macos-x86_64 0.1.0 24.00 NOTE
r-release-windows-x86_64 0.1.0 14.00 58.00 72.00 NOTE
r-oldrel-macos-arm64 0.1.0 23.00 NOTE
r-oldrel-macos-x86_64 0.1.0 28.00 NOTE
r-oldrel-windows-ix86+x86_64 0.1.0 5.00 51.00 56.00 NOTE

Check Details

Version: 0.1.0
Check: LazyData
Result: NOTE
     'LazyData' is specified without a 'data' directory
Flavors: r-devel-linux-x86_64-debian-clang, r-devel-linux-x86_64-debian-gcc, r-devel-linux-x86_64-fedora-clang, r-devel-linux-x86_64-fedora-gcc, r-devel-windows-x86_64, r-patched-linux-x86_64, r-release-linux-x86_64, r-release-macos-arm64, r-release-macos-x86_64, r-release-windows-x86_64, r-oldrel-macos-arm64, r-oldrel-macos-x86_64, r-oldrel-windows-ix86+x86_64