CRAN Package Check Results for Package featurefinder

Last updated on 2022-09-28 06:54:06 CEST.

Flavor Version Tinstall Tcheck Ttotal Status Flags
r-devel-linux-x86_64-debian-clang 1.1 3.35 37.08 40.43 NOTE
r-devel-linux-x86_64-debian-gcc 1.1 2.62 29.18 31.80 NOTE
r-devel-linux-x86_64-fedora-clang 1.1 63.37 NOTE
r-devel-linux-x86_64-fedora-gcc 1.1 63.02 NOTE
r-devel-windows-x86_64 1.1 45.00 73.00 118.00 OK
r-patched-linux-x86_64 1.1 3.52 36.01 39.53 NOTE
r-release-linux-x86_64 1.1 3.25 35.73 38.98 NOTE
r-release-macos-arm64 1.1 20.00 OK
r-release-macos-x86_64 1.1 28.00 OK
r-release-windows-x86_64 1.1 74.00 73.00 147.00 OK
r-oldrel-macos-arm64 1.1 27.00 OK
r-oldrel-macos-x86_64 1.1 37.00 OK
r-oldrel-windows-ix86+x86_64 1.1 7.00 62.00 69.00 OK

Check Details

Version: 1.1
Check: for non-standard things in the check directory
Result: NOTE
    Found the following files/directories:
     'treesAll.txt'
Flavors: r-devel-linux-x86_64-debian-clang, r-devel-linux-x86_64-debian-gcc, r-devel-linux-x86_64-fedora-clang, r-devel-linux-x86_64-fedora-gcc, r-patched-linux-x86_64, r-release-linux-x86_64