CRAN Package Check Results for Package fdaoutlier

Last updated on 2022-10-05 18:48:58 CEST.

Flavor Version Tinstall Tcheck Ttotal Status Flags
r-devel-linux-x86_64-debian-clang 0.2.0 8.33 46.79 55.12 OK
r-devel-linux-x86_64-debian-gcc 0.2.0 5.99 36.08 42.07 OK
r-devel-linux-x86_64-fedora-clang 0.2.0 85.68 NOTE
r-devel-linux-x86_64-fedora-gcc 0.2.0 82.62 NOTE
r-devel-windows-x86_64 0.2.0 48.00 88.00 136.00 OK
r-patched-linux-x86_64 0.2.0 8.38 41.68 50.06 OK
r-release-linux-x86_64 0.2.0 5.78 41.56 47.34 OK
r-release-macos-arm64 0.2.0 25.00 NOTE
r-release-macos-x86_64 0.2.0 33.00 NOTE
r-release-windows-x86_64 0.2.0 49.00 78.00 127.00 OK
r-oldrel-macos-arm64 0.2.0 30.00 NOTE
r-oldrel-macos-x86_64 0.2.0 39.00 NOTE
r-oldrel-windows-ix86+x86_64 0.2.0 20.00 87.00 107.00 OK

Check Details

Version: 0.2.0
Check: data for non-ASCII characters
Result: NOTE
     Note: found 75 marked UTF-8 strings
Flavors: r-devel-linux-x86_64-fedora-clang, r-devel-linux-x86_64-fedora-gcc, r-release-macos-arm64, r-release-macos-x86_64, r-oldrel-macos-arm64, r-oldrel-macos-x86_64