CRAN Package Check Results for Package fdaPDE

Last updated on 2022-09-28 18:48:55 CEST.

Flavor Version Tinstall Tcheck Ttotal Status Flags
r-devel-linux-x86_64-debian-clang 1.1-8 993.16 170.88 1164.04 NOTE
r-devel-linux-x86_64-debian-gcc 1.1-8 907.13 167.15 1074.28 NOTE
r-devel-linux-x86_64-fedora-clang 1.1-8 1355.38 NOTE
r-devel-linux-x86_64-fedora-gcc 1.1-8 1917.03 NOTE
r-devel-windows-x86_64 1.1-8 579.00 286.00 865.00 NOTE
r-patched-linux-x86_64 1.1-8 900.66 220.23 1120.89 NOTE
r-release-linux-x86_64 1.1-8 925.62 225.16 1150.78 NOTE
r-release-macos-arm64 1.1-8 379.00 NOTE
r-release-macos-x86_64 1.1-8 546.00 NOTE
r-release-windows-x86_64 1.1-8 705.00 296.00 1001.00 NOTE
r-oldrel-macos-arm64 1.1-8 310.00 NOTE
r-oldrel-macos-x86_64 1.1-8 532.00 NOTE
r-oldrel-windows-ix86+x86_64 1.1-8 1959.00 326.00 2285.00 NOTE

Check Details

Version: 1.1-8
Check: for GNU extensions in Makefiles
Result: NOTE
    GNU make is a SystemRequirements.
Flavors: r-devel-linux-x86_64-debian-clang, r-devel-linux-x86_64-debian-gcc, r-devel-linux-x86_64-fedora-clang, r-devel-linux-x86_64-fedora-gcc, r-devel-windows-x86_64, r-patched-linux-x86_64, r-release-linux-x86_64, r-release-macos-arm64, r-release-macos-x86_64, r-release-windows-x86_64, r-oldrel-macos-arm64, r-oldrel-macos-x86_64, r-oldrel-windows-ix86+x86_64

Version: 1.1-8
Check: installed package size
Result: NOTE
     installed size is 12.1Mb
     sub-directories of 1Mb or more:
     libs 11.2Mb
Flavors: r-devel-linux-x86_64-fedora-clang, r-devel-windows-x86_64, r-release-macos-arm64, r-release-macos-x86_64, r-release-windows-x86_64, r-oldrel-macos-arm64, r-oldrel-macos-x86_64, r-oldrel-windows-ix86+x86_64